Last updated on 2018-05-14 01:46:43 CEST.
Flavor | Version | Tinstall | Tcheck | Ttotal | Status | Flags |
---|---|---|---|---|---|---|
r-devel-linux-x86_64-debian-clang | 0.0-86 | 40.95 | 75.64 | 116.59 | OK | |
r-devel-linux-x86_64-debian-gcc | 0.0-86 | 31.48 | 64.87 | 96.35 | OK | |
r-devel-linux-x86_64-fedora-clang | 0.0-86 | 161.09 | OK | |||
r-devel-linux-x86_64-fedora-gcc | 0.0-86 | 156.56 | OK | |||
r-devel-windows-ix86+x86_64 | 0.0-86 | 57.00 | 107.00 | 164.00 | OK | |
r-patched-linux-x86_64 | 0.0-86 | 35.02 | 77.21 | 112.23 | OK | |
r-patched-solaris-x86 | 0.0-86 | 207.00 | OK | |||
r-release-linux-x86_64 | 0.0-86 | 36.50 | 78.41 | 114.91 | OK | |
r-release-windows-ix86+x86_64 | 0.0-86 | 57.00 | 107.00 | 164.00 | OK | |
r-release-osx-x86_64 | 0.0-86 | ERROR | ||||
r-oldrel-windows-ix86+x86_64 | 0.0-86 | 23.00 | 81.00 | 104.00 | OK | |
r-oldrel-osx-x86_64 | 0.0-86 | ERROR |
Version: 0.0-86
Check: package dependencies
Result: ERROR
Packages required but not available: ‘RGtk2’ ‘cairoDevice’
Package which this enhances but not available for checking: ‘RGtk2Extras’
See section ‘The DESCRIPTION file’ in the ‘Writing R Extensions’
manual.
Flavors: r-release-osx-x86_64, r-oldrel-osx-x86_64