CRAN Package Check Results for Package gamlss.cens

Last updated on 2018-05-14 01:46:40 CEST.

Flavor Version Tinstall Tcheck Ttotal Status Flags
r-devel-linux-x86_64-debian-clang 4.3-5 5.70 63.76 69.46 OK
r-devel-linux-x86_64-debian-gcc 4.3-5 4.83 54.19 59.02 OK
r-devel-linux-x86_64-fedora-clang 4.3-5 94.56 OK
r-devel-linux-x86_64-fedora-gcc 4.3-5 94.00 OK
r-devel-windows-ix86+x86_64 4.3-5 9.00 94.00 103.00 OK
r-patched-linux-x86_64 4.3-5 4.79 59.53 64.32 OK
r-patched-solaris-x86 4.3-5 124.50 OK
r-release-linux-x86_64 4.3-5 4.81 59.36 64.17 OK
r-release-windows-ix86+x86_64 4.3-5 9.00 94.00 103.00 OK
r-release-osx-x86_64 4.3-5 NOTE
r-oldrel-windows-ix86+x86_64 4.3-5 10.00 73.00 83.00 OK
r-oldrel-osx-x86_64 4.3-5 NOTE

Check Details

Version: 4.3-5
Check: dependencies in R code
Result: NOTE
    Unexported object imported by a ':::' call: ‘gamlss:::numeric.deriv’
     See the note in ?`:::` about the use of this operator.
Flavors: r-release-osx-x86_64, r-oldrel-osx-x86_64