Last updated on 2018-05-14 01:46:40 CEST.
Flavor | Version | Tinstall | Tcheck | Ttotal | Status | Flags |
---|---|---|---|---|---|---|
r-devel-linux-x86_64-debian-clang | 1.0.1 | 9.05 | 78.47 | 87.52 | OK | |
r-devel-linux-x86_64-debian-gcc | 1.0.1 | 6.90 | 67.20 | 74.10 | OK | |
r-devel-linux-x86_64-fedora-clang | 1.0.1 | 115.92 | OK | |||
r-devel-linux-x86_64-fedora-gcc | 1.0.1 | 111.85 | OK | |||
r-devel-windows-ix86+x86_64 | 1.0.1 | 28.00 | 157.00 | 185.00 | OK | |
r-patched-linux-x86_64 | 1.0.1 | 6.43 | 76.21 | 82.64 | OK | |
r-patched-solaris-x86 | 1.0.1 | 179.30 | OK | |||
r-release-linux-x86_64 | 1.0.1 | 7.21 | 76.48 | 83.69 | OK | |
r-release-windows-ix86+x86_64 | 1.0.1 | 28.00 | 157.00 | 185.00 | OK | |
r-release-osx-x86_64 | 1.0.1 | OK | ||||
r-oldrel-windows-ix86+x86_64 | 1.0.1 | 14.00 | 138.00 | 152.00 | OK | |
r-oldrel-osx-x86_64 | 1.0.0 | NOTE |
Version: 1.0.0
Check: dependencies in R code
Result: NOTE
Namespace in Imports field not imported from: ‘methods’
All declared Imports should be used.
Flavor: r-oldrel-osx-x86_64