Last updated on 2018-05-14 01:46:40 CEST.
Flavor | Version | Tinstall | Tcheck | Ttotal | Status | Flags |
---|---|---|---|---|---|---|
r-devel-linux-x86_64-debian-clang | 0.1.7 | 47.66 | 22.62 | 70.28 | OK | |
r-devel-linux-x86_64-debian-gcc | 0.1.7 | 37.49 | 19.77 | 57.26 | OK | |
r-devel-linux-x86_64-fedora-clang | 0.1.7 | 97.82 | OK | |||
r-devel-linux-x86_64-fedora-gcc | 0.1.7 | 84.07 | OK | |||
r-devel-windows-ix86+x86_64 | 0.1.7 | 94.00 | 92.00 | 186.00 | NOTE | |
r-patched-linux-x86_64 | 0.1.7 | 49.06 | 22.53 | 71.59 | OK | |
r-patched-solaris-x86 | 0.1.7 | 98.10 | OK | |||
r-release-linux-x86_64 | 0.1.7 | 49.61 | 22.56 | 72.17 | OK | |
r-release-windows-ix86+x86_64 | 0.1.7 | 94.00 | 92.00 | 186.00 | NOTE | |
r-release-osx-x86_64 | 0.1.7 | OK | ||||
r-oldrel-windows-ix86+x86_64 | 0.1.7 | 127.00 | 67.00 | 194.00 | NOTE | |
r-oldrel-osx-x86_64 | 0.1.7 | OK |
Version: 0.1.7
Check: installed package size
Result: NOTE
installed size is 7.5Mb
sub-directories of 1Mb or more:
libs 7.4Mb
Flavors: r-devel-windows-ix86+x86_64, r-release-windows-ix86+x86_64, r-oldrel-windows-ix86+x86_64