CRAN Package Check Results for Package geoBayes

Last updated on 2018-05-14 01:46:41 CEST.

Flavor Version Tinstall Tcheck Ttotal Status Flags
r-devel-linux-x86_64-debian-clang 0.5.0 23.16 35.34 58.50 WARN
r-devel-linux-x86_64-debian-gcc 0.5.0 21.03 30.97 52.00 OK
r-devel-linux-x86_64-fedora-clang 0.5.1 86.12 OK
r-devel-linux-x86_64-fedora-gcc 0.5.1 82.19 OK
r-devel-windows-ix86+x86_64 0.5.0 87.00 81.00 168.00 OK
r-patched-linux-x86_64 0.5.0 23.85 37.56 61.41 OK
r-patched-solaris-x86 0.5.1 95.30 OK
r-release-linux-x86_64 0.5.0 25.28 37.40 62.68 OK
r-release-windows-ix86+x86_64 0.5.0 87.00 81.00 168.00 OK
r-release-osx-x86_64 0.5.0 WARN
r-oldrel-windows-ix86+x86_64 0.5.0 84.00 98.00 182.00 OK
r-oldrel-osx-x86_64 0.3.3 OK

Check Details

Version: 0.5.0
Check: whether package can be installed
Result: WARN
    Found the following significant warnings:
     auxfcns.c:159:7: warning: using integer absolute value function 'abs' when argument is of floating point type [-Wabsolute-value]
     auxfcns.c:159:21: warning: using integer absolute value function 'abs' when argument is of floating point type [-Wabsolute-value]
Flavors: r-devel-linux-x86_64-debian-clang, r-release-osx-x86_64