CRAN Package Check Results for Package geofacet

Last updated on 2018-05-14 01:46:41 CEST.

Flavor Version Tinstall Tcheck Ttotal Status Flags
r-devel-linux-x86_64-debian-clang 0.1.9 4.08 205.92 210.00 OK
r-devel-linux-x86_64-debian-gcc 0.1.9 4.96 202.43 207.39 OK
r-devel-linux-x86_64-fedora-clang 0.1.9 290.67 NOTE
r-devel-linux-x86_64-fedora-gcc 0.1.9 301.47 NOTE
r-devel-windows-ix86+x86_64 0.1.9 10.00 385.00 395.00 OK
r-patched-linux-x86_64 0.1.9 3.68 233.24 236.92 OK
r-patched-solaris-x86 0.1.9 424.60 NOTE
r-release-linux-x86_64 0.1.9 4.91 244.84 249.75 OK
r-release-windows-ix86+x86_64 0.1.9 10.00 385.00 395.00 OK
r-release-osx-x86_64 0.1.9 NOTE
r-oldrel-windows-ix86+x86_64 0.1.9 15.00 331.00 346.00 OK
r-oldrel-osx-x86_64 0.1.9 NOTE

Check Details

Version: 0.1.9
Check: data for non-ASCII characters
Result: NOTE
     Note: found 217 marked UTF-8 strings
Flavors: r-devel-linux-x86_64-fedora-clang, r-devel-linux-x86_64-fedora-gcc, r-patched-solaris-x86, r-release-osx-x86_64, r-oldrel-osx-x86_64