Last updated on 2018-05-14 01:46:41 CEST.
Flavor | Version | Tinstall | Tcheck | Ttotal | Status | Flags |
---|---|---|---|---|---|---|
r-devel-linux-x86_64-debian-clang | 1.5-7 | 5.26 | 40.18 | 45.44 | OK | |
r-devel-linux-x86_64-debian-gcc | 1.5-7 | 5.73 | 39.60 | 45.33 | OK | |
r-devel-linux-x86_64-fedora-clang | 1.5-7 | 69.18 | OK | |||
r-devel-linux-x86_64-fedora-gcc | 1.5-7 | 69.25 | OK | |||
r-devel-windows-ix86+x86_64 | 1.5-7 | 14.00 | 99.00 | 113.00 | OK | |
r-patched-linux-x86_64 | 1.5-7 | 5.77 | 46.86 | 52.63 | OK | |
r-patched-solaris-x86 | 1.5-7 | 92.90 | OK | |||
r-release-linux-x86_64 | 1.5-7 | 5.80 | 46.83 | 52.63 | OK | |
r-release-windows-ix86+x86_64 | 1.5-7 | 14.00 | 99.00 | 113.00 | OK | |
r-release-osx-x86_64 | 1.5-7 | NOTE | ||||
r-oldrel-windows-ix86+x86_64 | 1.5-7 | 17.00 | 77.00 | 94.00 | OK | |
r-oldrel-osx-x86_64 | 1.5-7 | OK |
Version: 1.5-7
Check: dependencies in R code
Result: NOTE
Error in setClass("Extent", representation(xmin = "numeric", xmax = "numeric", :
could not find function "setClass"
Flavor: r-release-osx-x86_64