Last updated on 2018-05-14 01:46:41 CEST.
Flavor | Version | Tinstall | Tcheck | Ttotal | Status | Flags |
---|---|---|---|---|---|---|
r-devel-linux-x86_64-debian-clang | 0.1.1 | 1.05 | 26.55 | 27.60 | OK | |
r-devel-linux-x86_64-debian-gcc | 0.1.1 | 0.86 | 23.81 | 24.67 | OK | |
r-devel-linux-x86_64-fedora-clang | 0.1.1 | 37.23 | NOTE | |||
r-devel-linux-x86_64-fedora-gcc | 0.1.1 | 36.53 | NOTE | |||
r-devel-windows-ix86+x86_64 | 0.1.1 | 3.00 | 56.00 | 59.00 | OK | |
r-patched-linux-x86_64 | 0.1.1 | 1.05 | 28.22 | 29.27 | OK | |
r-patched-solaris-x86 | 0.1.1 | 56.00 | NOTE | |||
r-release-linux-x86_64 | 0.1.1 | 0.87 | 28.34 | 29.21 | OK | |
r-release-windows-ix86+x86_64 | 0.1.1 | 3.00 | 56.00 | 59.00 | OK | |
r-release-osx-x86_64 | 0.1.1 | NOTE | ||||
r-oldrel-windows-ix86+x86_64 | 0.1.1 | 4.00 | 45.00 | 49.00 | OK | |
r-oldrel-osx-x86_64 | 0.1.1 | NOTE |
Version: 0.1.1
Check: dependencies in R code
Result: NOTE
Namespaces in Imports field not imported from:
‘gridExtra’ ‘lazyeval’ ‘readr’
All declared Imports should be used.
Flavors: r-devel-linux-x86_64-fedora-clang, r-devel-linux-x86_64-fedora-gcc, r-patched-solaris-x86, r-release-osx-x86_64, r-oldrel-osx-x86_64