Last updated on 2018-05-14 01:46:41 CEST.
Flavor | Version | Tinstall | Tcheck | Ttotal | Status | Flags |
---|---|---|---|---|---|---|
r-devel-linux-x86_64-debian-clang | 0.21.0 | 78.93 | 64.48 | 143.41 | OK | |
r-devel-linux-x86_64-debian-gcc | 0.21.0 | 59.09 | 59.59 | 118.68 | OK | |
r-devel-linux-x86_64-fedora-clang | 0.21.0 | 187.34 | NOTE | |||
r-devel-linux-x86_64-fedora-gcc | 0.21.0 | 176.25 | NOTE | |||
r-devel-windows-ix86+x86_64 | 0.21.0 | 507.00 | 276.00 | 783.00 | NOTE | |
r-patched-linux-x86_64 | 0.21.0 | 71.49 | 70.03 | 141.52 | OK | |
r-patched-solaris-x86 | 0.21.0 | 382.70 | OK | |||
r-release-linux-x86_64 | 0.21.0 | 70.85 | 70.45 | 141.30 | OK | |
r-release-windows-ix86+x86_64 | 0.21.0 | 507.00 | 276.00 | 783.00 | NOTE | |
r-release-osx-x86_64 | 0.21.0 | WARN | ||||
r-oldrel-windows-ix86+x86_64 | 0.21.0 | 756.00 | 182.00 | 938.00 | NOTE | |
r-oldrel-osx-x86_64 | 0.21.0 | NOTE |
Version: 0.21.0
Check: installed package size
Result: NOTE
installed size is 5.0Mb
sub-directories of 1Mb or more:
libs 4.2Mb
Flavors: r-devel-linux-x86_64-fedora-clang, r-devel-linux-x86_64-fedora-gcc, r-devel-windows-ix86+x86_64, r-release-windows-ix86+x86_64, r-release-osx-x86_64, r-oldrel-windows-ix86+x86_64, r-oldrel-osx-x86_64
Version: 0.21.0
Check: whether package can be installed
Result: WARN
Found the following significant warnings:
openssl.c:420:31: warning: incompatible pointer types assigning to 'int (*)(EVP_CIPHER_CTX *, unsigned char *, const unsigned char *, unsigned int)' (aka 'int (*)(struct evp_cipher_ctx_st *, unsigned char *, const unsigned char *, unsigned int)') from 'int (EVP_CIPHER_CTX *, unsigned char *, const unsigned char *, size_t)' (aka 'int (struct evp_cipher_ctx_st *, unsigned char *, const unsigned char *, unsigned long)') [-Wincompatible-pointer-types]
Flavor: r-release-osx-x86_64