Last updated on 2018-05-14 01:46:42 CEST.
Flavor | Version | Tinstall | Tcheck | Ttotal | Status | Flags |
---|---|---|---|---|---|---|
r-devel-linux-x86_64-debian-clang | 1.1.0 | 7.47 | 26.46 | 33.93 | NOTE | |
r-devel-linux-x86_64-debian-gcc | 1.1.0 | 5.61 | 22.67 | 28.28 | NOTE | |
r-devel-linux-x86_64-fedora-clang | 1.1.0 | 43.80 | NOTE | |||
r-devel-linux-x86_64-fedora-gcc | 1.1.0 | 41.53 | NOTE | |||
r-devel-windows-ix86+x86_64 | 1.1.0 | 26.00 | 46.00 | 72.00 | OK | |
r-patched-linux-x86_64 | 1.1.0 | 6.18 | 28.02 | 34.20 | NOTE | |
r-patched-solaris-x86 | 1.1.0 | 65.10 | OK | |||
r-release-linux-x86_64 | 1.1.0 | 6.97 | 27.90 | 34.87 | NOTE | |
r-release-windows-ix86+x86_64 | 1.1.0 | 26.00 | 46.00 | 72.00 | OK | |
r-release-osx-x86_64 | 1.1.0 | OK | ||||
r-oldrel-windows-ix86+x86_64 | 1.1.0 | 13.00 | 54.00 | 67.00 | OK | |
r-oldrel-osx-x86_64 | 1.1.0 | OK |
Version: 1.1.0
Check: compiled code
Result: NOTE
File ‘growth/libs/growth.so’:
Found no calls to: ‘R_registerRoutines’, ‘R_useDynamicSymbols’
It is good practice to register native routines and to disable symbol
search.
See ‘Writing portable packages’ in the ‘Writing R Extensions’ manual.
Flavors: r-devel-linux-x86_64-debian-clang, r-devel-linux-x86_64-debian-gcc, r-devel-linux-x86_64-fedora-clang, r-devel-linux-x86_64-fedora-gcc, r-patched-linux-x86_64, r-release-linux-x86_64