CRAN Package Check Results for Package hBayesDM

Last updated on 2018-05-14 01:46:43 CEST.

Flavor Version Tinstall Tcheck Ttotal Status Flags
r-devel-linux-x86_64-debian-clang 0.5.0 9.22 56.25 65.47 OK
r-devel-linux-x86_64-debian-gcc 0.5.0 7.58 49.07 56.65 OK
r-devel-linux-x86_64-fedora-clang 0.5.0 86.00 NOTE
r-devel-linux-x86_64-fedora-gcc 0.5.0 83.58 NOTE
r-devel-windows-ix86+x86_64 0.5.0 15.00 103.00 118.00 OK
r-patched-linux-x86_64 0.5.0 7.53 59.62 67.15 OK
r-patched-solaris-x86 0.5.0 110.30 NOTE
r-release-linux-x86_64 0.5.0 9.59 58.94 68.53 OK
r-release-windows-ix86+x86_64 0.5.0 15.00 103.00 118.00 OK
r-release-osx-x86_64 0.5.0 NOTE
r-oldrel-windows-ix86+x86_64 0.5.0 10.00 67.00 77.00 OK
r-oldrel-osx-x86_64 0.5.0 NOTE

Check Details

Version: 0.5.0
Check: dependencies in R code
Result: NOTE
    Namespace in Imports field not imported from: ‘rstantools’
     All declared Imports should be used.
Flavors: r-devel-linux-x86_64-fedora-clang, r-devel-linux-x86_64-fedora-gcc, r-patched-solaris-x86, r-release-osx-x86_64, r-oldrel-osx-x86_64