CRAN Package Check Results for Package haarfisz

Last updated on 2018-05-14 01:46:43 CEST.

Flavor Version Tinstall Tcheck Ttotal Status Flags
r-devel-linux-x86_64-debian-clang 4.5 1.09 17.40 18.49 NOTE
r-devel-linux-x86_64-debian-gcc 4.5 1.04 15.50 16.54 NOTE
r-devel-linux-x86_64-fedora-clang 4.5 24.43 NOTE
r-devel-linux-x86_64-fedora-gcc 4.5 23.74 NOTE
r-devel-windows-ix86+x86_64 4.5 4.00 41.00 45.00 NOTE
r-patched-linux-x86_64 4.5 1.01 18.45 19.46 NOTE
r-patched-solaris-x86 4.5 37.20 NOTE
r-release-linux-x86_64 4.5 1.34 18.29 19.63 NOTE
r-release-windows-ix86+x86_64 4.5 4.00 41.00 45.00 NOTE
r-release-osx-x86_64 4.5 NOTE
r-oldrel-windows-ix86+x86_64 4.5 5.00 29.00 34.00 NOTE
r-oldrel-osx-x86_64 4.5 NOTE

Check Details

Version: 4.5
Check: DESCRIPTION meta-information
Result: NOTE
    Malformed Description field: should contain one or more complete sentences.
Flavors: r-devel-linux-x86_64-debian-clang, r-devel-linux-x86_64-debian-gcc, r-devel-linux-x86_64-fedora-clang, r-devel-linux-x86_64-fedora-gcc, r-devel-windows-ix86+x86_64, r-patched-linux-x86_64, r-patched-solaris-x86, r-release-linux-x86_64, r-release-windows-ix86+x86_64, r-release-osx-x86_64, r-oldrel-windows-ix86+x86_64, r-oldrel-osx-x86_64

Version: 4.5
Check: R code for possible problems
Result: NOTE
    hf.bt: no visible global function definition for ‘median’
    Undefined global functions or variables:
     median
    Consider adding
     importFrom("stats", "median")
    to your NAMESPACE file.
Flavors: r-devel-linux-x86_64-debian-clang, r-devel-linux-x86_64-debian-gcc, r-devel-linux-x86_64-fedora-clang, r-devel-linux-x86_64-fedora-gcc, r-devel-windows-ix86+x86_64, r-patched-linux-x86_64, r-patched-solaris-x86, r-release-linux-x86_64, r-release-windows-ix86+x86_64, r-release-osx-x86_64, r-oldrel-windows-ix86+x86_64, r-oldrel-osx-x86_64