CRAN Package Check Results for Package highcharter

Last updated on 2018-05-14 01:46:43 CEST.

Flavor Version Tinstall Tcheck Ttotal Status Flags
r-devel-linux-x86_64-debian-clang 0.5.0 10.54 145.96 156.50 OK
r-devel-linux-x86_64-debian-gcc 0.5.0 8.40 127.87 136.27 OK
r-devel-linux-x86_64-fedora-clang 0.5.0 194.68 NOTE
r-devel-linux-x86_64-fedora-gcc 0.5.0 188.82 NOTE
r-devel-windows-ix86+x86_64 0.5.0 32.00 345.00 377.00 NOTE
r-patched-linux-x86_64 0.5.0 9.19 149.74 158.93 OK
r-patched-solaris-x86 0.5.0 170.90 WARN
r-release-linux-x86_64 0.5.0 8.40 153.77 162.17 OK
r-release-windows-ix86+x86_64 0.5.0 32.00 345.00 377.00 NOTE
r-release-osx-x86_64 0.5.0 WARN
r-oldrel-windows-ix86+x86_64 0.5.0 19.00 257.00 276.00 NOTE
r-oldrel-osx-x86_64 0.5.0 WARN

Check Details

Version: 0.5.0
Check: installed package size
Result: NOTE
     installed size is 16.6Mb
     sub-directories of 1Mb or more:
     doc 13.7Mb
     htmlwidgets 1.9Mb
Flavors: r-devel-linux-x86_64-fedora-clang, r-devel-linux-x86_64-fedora-gcc, r-devel-windows-ix86+x86_64, r-patched-solaris-x86, r-release-windows-ix86+x86_64, r-release-osx-x86_64, r-oldrel-windows-ix86+x86_64, r-oldrel-osx-x86_64

Version: 0.5.0
Check: re-building of vignette outputs
Result: WARN
    Error in re-building vignettes:
     ...
    Warning in engine$weave(file, quiet = quiet, encoding = enc) :
     Pandoc (>= 1.12.3) and/or pandoc-citeproc not available. Falling back to R Markdown v1.
    Highcharts (www.highcharts.com) is a Highsoft software product which is
    not free for commercial and Governmental use
    Quitting from lines 45-46 (charting-data-frames.Rmd)
    Error: processing vignette 'charting-data-frames.Rmd' failed with diagnostics:
    there is no package called 'webshot'
    Execution halted
Flavor: r-patched-solaris-x86

Version: 0.5.0
Check: re-building of vignette outputs
Result: WARN
    Error in re-building vignettes:
     ...
    Warning in engine$weave(file, quiet = quiet, encoding = enc) :
     Pandoc (>= 1.12.3) and/or pandoc-citeproc not available. Falling back to R Markdown v1.
    Highcharts (www.highcharts.com) is a Highsoft software product which is
    not free for commercial and Governmental use
    Quitting from lines 45-46 (charting-data-frames.Rmd)
    Error: processing vignette 'charting-data-frames.Rmd' failed with diagnostics:
    cannot open the connection
    Execution halted
Flavors: r-release-osx-x86_64, r-oldrel-osx-x86_64