CRAN Package Check Results for Package hpcwld

Last updated on 2018-05-14 01:46:43 CEST.

Flavor Version Tinstall Tcheck Ttotal Status Flags
r-devel-linux-x86_64-debian-clang 0.5 2.08 28.83 30.91 NOTE
r-devel-linux-x86_64-debian-gcc 0.5 1.74 27.18 28.92 NOTE
r-devel-linux-x86_64-fedora-clang 0.5 42.43 NOTE
r-devel-linux-x86_64-fedora-gcc 0.5 41.69 NOTE
r-devel-windows-ix86+x86_64 0.5 5.00 64.00 69.00 NOTE
r-patched-linux-x86_64 0.5 1.73 30.57 32.30 NOTE
r-patched-solaris-x86 0.5 63.40 NOTE
r-release-linux-x86_64 0.5 1.69 30.88 32.57 NOTE
r-release-windows-ix86+x86_64 0.5 5.00 64.00 69.00 NOTE
r-release-osx-x86_64 0.5 NOTE
r-oldrel-windows-ix86+x86_64 0.5 8.00 41.00 49.00 NOTE
r-oldrel-osx-x86_64 0.5 NOTE

Check Details

Version: 0.5
Check: R code for possible problems
Result: NOTE
    ApproxC: no visible global function definition for ‘convolve’
    DMC: no visible global function definition for ‘median’
    DMC: no visible global function definition for ‘ecdf’
    ToSWF: no visible global function definition for ‘write.table’
    Undefined global functions or variables:
     convolve ecdf median write.table
    Consider adding
     importFrom("stats", "convolve", "ecdf", "median")
     importFrom("utils", "write.table")
    to your NAMESPACE file.
Flavors: r-devel-linux-x86_64-debian-clang, r-devel-linux-x86_64-debian-gcc, r-devel-linux-x86_64-fedora-clang, r-devel-linux-x86_64-fedora-gcc, r-devel-windows-ix86+x86_64, r-patched-linux-x86_64, r-patched-solaris-x86, r-release-linux-x86_64, r-release-windows-ix86+x86_64, r-release-osx-x86_64, r-oldrel-windows-ix86+x86_64, r-oldrel-osx-x86_64