Last updated on 2018-05-14 01:46:43 CEST.
Flavor | Version | Tinstall | Tcheck | Ttotal | Status | Flags |
---|---|---|---|---|---|---|
r-devel-linux-x86_64-debian-clang | 1.8 | 23.35 | 113.29 | 136.64 | OK | |
r-devel-linux-x86_64-debian-gcc | 1.8 | 20.67 | 103.31 | 123.98 | OK | |
r-devel-linux-x86_64-fedora-clang | 1.8 | 184.91 | NOTE | |||
r-devel-linux-x86_64-fedora-gcc | 1.8 | 178.68 | NOTE | |||
r-devel-windows-ix86+x86_64 | 1.8 | 40.00 | 222.00 | 262.00 | NOTE | |
r-patched-linux-x86_64 | 1.8 | 24.19 | 117.31 | 141.50 | OK | |
r-patched-solaris-x86 | 1.8 | 245.90 | NOTE | |||
r-release-linux-x86_64 | 1.8 | 20.99 | 116.64 | 137.63 | OK | |
r-release-windows-ix86+x86_64 | 1.8 | 40.00 | 222.00 | 262.00 | NOTE | |
r-release-osx-x86_64 | 1.8 | NOTE | ||||
r-oldrel-windows-ix86+x86_64 | 1.8 | 37.00 | 194.00 | 231.00 | NOTE | |
r-oldrel-osx-x86_64 | 1.8 | NOTE |
Version: 1.8
Check: installed package size
Result: NOTE
installed size is 14.7Mb
sub-directories of 1Mb or more:
data 12.8Mb
doc 1.3Mb
Flavors: r-devel-linux-x86_64-fedora-clang, r-devel-linux-x86_64-fedora-gcc, r-devel-windows-ix86+x86_64, r-patched-solaris-x86, r-release-windows-ix86+x86_64, r-release-osx-x86_64, r-oldrel-windows-ix86+x86_64, r-oldrel-osx-x86_64