CRAN Package Check Results for Package hunspell

Last updated on 2018-05-14 01:46:43 CEST.

Flavor Version Tinstall Tcheck Ttotal Status Flags
r-devel-linux-x86_64-debian-clang 2.9 51.13 35.29 86.42 OK
r-devel-linux-x86_64-debian-gcc 2.9 45.15 37.75 82.90 OK
r-devel-linux-x86_64-fedora-clang 2.9 141.54 NOTE
r-devel-linux-x86_64-fedora-gcc 2.9 131.17 NOTE
r-devel-windows-ix86+x86_64 2.9 122.00 159.00 281.00 OK
r-patched-linux-x86_64 2.9 53.30 43.72 97.02 OK
r-patched-solaris-x86 2.9 146.50 WARN
r-release-linux-x86_64 2.9 52.18 44.38 96.56 OK
r-release-windows-ix86+x86_64 2.9 122.00 159.00 281.00 OK
r-release-osx-x86_64 2.9 WARN
r-oldrel-windows-ix86+x86_64 2.9 153.00 132.00 285.00 OK
r-oldrel-osx-x86_64 2.9 WARN

Check Details

Version: 2.9
Check: installed package size
Result: NOTE
     installed size is 6.9Mb
     sub-directories of 1Mb or more:
     dict 1.3Mb
     libs 4.6Mb
Flavors: r-devel-linux-x86_64-fedora-clang, r-devel-linux-x86_64-fedora-gcc, r-release-osx-x86_64, r-oldrel-osx-x86_64

Version: 2.9
Check: re-building of vignette outputs
Result: WARN
    Error in re-building vignettes:
     ...
    Warning in engine$weave(file, quiet = quiet, encoding = enc) :
     Pandoc (>= 1.12.3) and/or pandoc-citeproc not available. Falling back to R Markdown v1.
    trying URL 'https://arxiv.org/e-print/1406.4806v1'
    Content type 'application/x-eprint-tar' length 29273 bytes (28 KB)
    ==================================================
    downloaded 28 KB
    
    Quitting from lines 162-165 (intro.Rmd)
    Error: processing vignette 'intro.Rmd' failed with diagnostics:
    there is no package called 'webshot'
    Execution halted
Flavor: r-patched-solaris-x86

Version: 2.9
Check: re-building of vignette outputs
Result: WARN
    Error in re-building vignettes:
     ...
    Warning in engine$weave(file, quiet = quiet, encoding = enc) :
     Pandoc (>= 1.12.3) and/or pandoc-citeproc not available. Falling back to R Markdown v1.
    trying URL 'https://arxiv.org/e-print/1406.4806v1'
    Content type 'application/x-eprint-tar' length 29273 bytes (28 KB)
    ==================================================
    downloaded 28 KB
    
    Quitting from lines 162-165 (intro.Rmd)
    Error: processing vignette 'intro.Rmd' failed with diagnostics:
    cannot open the connection
    Execution halted
Flavors: r-release-osx-x86_64, r-oldrel-osx-x86_64