CRAN Package Check Results for Package hydrolinks

Last updated on 2018-05-14 01:46:43 CEST.

Flavor Version Tinstall Tcheck Ttotal Status Flags
r-devel-linux-x86_64-debian-clang 0.10.0 4.75 47.40 52.15 OK --no-vignettes
r-devel-linux-x86_64-debian-gcc 0.10.0 4.03 45.19 49.22 OK --no-vignettes
r-devel-linux-x86_64-fedora-clang 0.10.0 73.70 NOTE
r-devel-linux-x86_64-fedora-gcc 0.10.0 71.35 NOTE
r-devel-windows-ix86+x86_64 0.10.0 15.00 96.00 111.00 OK
r-patched-linux-x86_64 0.10.0 3.30 46.82 50.12 OK --no-vignettes
r-patched-solaris-x86 0.10.0 113.00 NOTE
r-release-linux-x86_64 0.10.0 3.50 46.75 50.25 OK --no-vignettes
r-release-windows-ix86+x86_64 0.10.0 15.00 96.00 111.00 OK
r-release-osx-x86_64 0.10.0 NOTE
r-oldrel-windows-ix86+x86_64 0.10.0 13.00 62.00 75.00 OK
r-oldrel-osx-x86_64 0.10.0 NOTE

Check Details

Version: 0.10.0
Check: dependencies in R code
Result: NOTE
    Namespace in Imports field not imported from: ‘dbplyr’
     All declared Imports should be used.
Flavors: r-devel-linux-x86_64-fedora-clang, r-devel-linux-x86_64-fedora-gcc, r-patched-solaris-x86, r-release-osx-x86_64, r-oldrel-osx-x86_64