CRAN Package Check Results for Package hyphenatr

Last updated on 2018-05-14 01:46:43 CEST.

Flavor Version Tinstall Tcheck Ttotal Status Flags
r-devel-linux-x86_64-debian-clang 0.3.0 13.09 23.16 36.25 NOTE
r-devel-linux-x86_64-debian-gcc 0.3.0 11.33 20.78 32.11 NOTE
r-devel-linux-x86_64-fedora-clang 0.3.0 52.07 NOTE
r-devel-linux-x86_64-fedora-gcc 0.3.0 47.39 NOTE
r-devel-windows-ix86+x86_64 0.3.0 38.00 75.00 113.00 ERROR
r-patched-linux-x86_64 0.3.0 13.76 23.48 37.24 NOTE
r-patched-solaris-x86 0.3.0 68.20 OK
r-release-linux-x86_64 0.3.0 15.67 23.37 39.04 NOTE
r-release-windows-ix86+x86_64 0.3.0 38.00 75.00 113.00 ERROR
r-release-osx-x86_64 0.3.0 OK
r-oldrel-windows-ix86+x86_64 0.3.0 37.00 55.00 92.00 ERROR
r-oldrel-osx-x86_64 0.3.0 OK

Check Details

Version: 0.3.0
Check: compiled code
Result: NOTE
    File ‘hyphenatr/libs/hyphenatr.so’:
     Found no calls to: ‘R_registerRoutines’, ‘R_useDynamicSymbols’
    
    It is good practice to register native routines and to disable symbol
    search.
    
    See ‘Writing portable packages’ in the ‘Writing R Extensions’ manual.
Flavors: r-devel-linux-x86_64-debian-clang, r-devel-linux-x86_64-debian-gcc, r-devel-linux-x86_64-fedora-clang, r-devel-linux-x86_64-fedora-gcc, r-patched-linux-x86_64, r-release-linux-x86_64

Version: 0.3.0
Check: running tests for arch ‘i386’
Result: ERROR
     Running 'testthat.R' [2s]
    Running the tests in 'tests/testthat.R' failed.
    Complete output:
     > library(testthat)
     > library(hyphenatr)
     >
     > test_check("hyphenatr")
     -- 1. Failure: we can do something (@test-hyphenatr.R#16) ---------------------
     `x` not equal to `expected`.
     1/1 mismatches
     x[1]: "tä=gelîch"
     y[1]: "tä=gelîch"
    
     == testthat results ===========================================================
     OK: 4 SKIPPED: 0 FAILED: 1
     1. Failure: we can do something (@test-hyphenatr.R#16)
    
     Error: testthat unit tests failed
     Execution halted
Flavors: r-devel-windows-ix86+x86_64, r-release-windows-ix86+x86_64

Version: 0.3.0
Check: running tests for arch ‘x64’
Result: ERROR
     Running 'testthat.R' [2s]
    Running the tests in 'tests/testthat.R' failed.
    Complete output:
     > library(testthat)
     > library(hyphenatr)
     >
     > test_check("hyphenatr")
     -- 1. Failure: we can do something (@test-hyphenatr.R#16) ---------------------
     `x` not equal to `expected`.
     1/1 mismatches
     x[1]: "tä=gelîch"
     y[1]: "tä=gelîch"
    
     == testthat results ===========================================================
     OK: 4 SKIPPED: 0 FAILED: 1
     1. Failure: we can do something (@test-hyphenatr.R#16)
    
     Error: testthat unit tests failed
     Execution halted
Flavors: r-devel-windows-ix86+x86_64, r-release-windows-ix86+x86_64, r-oldrel-windows-ix86+x86_64

Version: 0.3.0
Check: running tests for arch ‘i386’
Result: ERROR
     Running 'testthat.R' [1s]
    Running the tests in 'tests/testthat.R' failed.
    Complete output:
     > library(testthat)
     > library(hyphenatr)
     >
     > test_check("hyphenatr")
     -- 1. Failure: we can do something (@test-hyphenatr.R#16) ---------------------
     `x` not equal to `expected`.
     1/1 mismatches
     x[1]: "tä=gelîch"
     y[1]: "tä=gelîch"
    
     == testthat results ===========================================================
     OK: 4 SKIPPED: 0 FAILED: 1
     1. Failure: we can do something (@test-hyphenatr.R#16)
    
     Error: testthat unit tests failed
     Execution halted
Flavor: r-oldrel-windows-ix86+x86_64