CRAN Package Check Results for Package icenReg

Last updated on 2018-05-14 01:46:44 CEST.

Flavor Version Tinstall Tcheck Ttotal Status Flags
r-devel-linux-x86_64-debian-clang 2.0.7 67.70 161.97 229.67 OK
r-devel-linux-x86_64-debian-gcc 2.0.7 53.25 137.82 191.07 OK
r-devel-linux-x86_64-fedora-clang 2.0.7 319.38 NOTE
r-devel-linux-x86_64-fedora-gcc 2.0.7 305.80 NOTE
r-devel-windows-ix86+x86_64 2.0.7 115.00 319.00 434.00 OK
r-patched-linux-x86_64 2.0.7 66.52 171.73 238.25 OK
r-patched-solaris-x86 2.0.7 351.20 OK
r-release-linux-x86_64 2.0.7 67.60 168.91 236.51 OK
r-release-windows-ix86+x86_64 2.0.7 115.00 319.00 434.00 OK
r-release-osx-x86_64 2.0.7 NOTE
r-oldrel-windows-ix86+x86_64 2.0.7 106.00 265.00 371.00 OK
r-oldrel-osx-x86_64 2.0.7 NOTE

Check Details

Version: 2.0.7
Check: installed package size
Result: NOTE
     installed size is 15.9Mb
     sub-directories of 1Mb or more:
     libs 14.5Mb
Flavors: r-devel-linux-x86_64-fedora-clang, r-devel-linux-x86_64-fedora-gcc, r-release-osx-x86_64, r-oldrel-osx-x86_64