CRAN Package Check Results for Package imager

Last updated on 2018-05-14 01:46:44 CEST.

Flavor Version Tinstall Tcheck Ttotal Status Flags
r-devel-linux-x86_64-debian-clang 0.40.2 435.61 112.63 548.24 ERROR
r-devel-linux-x86_64-debian-gcc 0.40.2 383.68 89.02 472.70 ERROR
r-devel-linux-x86_64-fedora-clang 0.40.2 816.70 NOTE
r-devel-linux-x86_64-fedora-gcc 0.40.2 774.85 WARN
r-devel-windows-ix86+x86_64 0.40.2 814.00 375.00 1189.00 WARN
r-patched-linux-x86_64 0.40.2 435.88 111.24 547.12 ERROR
r-patched-solaris-x86 0.40.2 768.00 NOTE
r-release-linux-x86_64 0.40.2 427.43 110.29 537.72 ERROR
r-release-windows-ix86+x86_64 0.40.2 814.00 375.00 1189.00 WARN
r-release-osx-x86_64 0.40.2 NOTE
r-oldrel-windows-ix86+x86_64 0.40.2 958.00 291.00 1249.00 NOTE
r-oldrel-osx-x86_64 0.40.2 NOTE

Additional issues

gcc8

Check Details

Version: 0.40.2
Check: examples
Result: ERROR
    Running examples in ‘imager-Ex.R’ failed
    The error most likely occurred in:
    
    > base::assign(".ptime", proc.time(), pos = "CheckExEnv")
    > ### Name: as.data.frame.imlist
    > ### Title: Convert image list to data.frame
    > ### Aliases: as.data.frame.imlist
    >
    > ### ** Examples
    >
    > #Transform the image gradient into a data.frame
    > gr <- imgradient(boats,"xy") %>% setNames(c("dx","dy")) %>% as.data.frame
    Error in if (standardise) { : the condition has length > 1
    Calls: %>% ... .f -> as.data.frame -> as.data.frame.cimg -> pixel.grid
    Execution halted
Flavors: r-devel-linux-x86_64-debian-clang, r-patched-linux-x86_64, r-release-linux-x86_64

Version: 0.40.2
Check: whether package can be installed
Result: WARN
    Found the following significant warnings:
     transformations.cpp:274:15: warning: suggest parentheses around comparison in operand of ‘|’ [-Wparentheses]
Flavors: r-devel-linux-x86_64-debian-gcc, r-devel-linux-x86_64-fedora-gcc, r-devel-windows-ix86+x86_64, r-patched-linux-x86_64, r-release-linux-x86_64, r-release-windows-ix86+x86_64

Version: 0.40.2
Check: examples
Result: ERROR
    Running examples in ‘imager-Ex.R’ failed
    The error most likely occurred in:
    
    > base::assign(".ptime", proc.time(), pos = "CheckExEnv")
    > ### Name: as.data.frame.imlist
    > ### Title: Convert image list to data.frame
    > ### Aliases: as.data.frame.imlist
    >
    > ### ** Examples
    >
    > #Transform the image gradient into a data.frame
    > gr <- imgradient(boats,"xy") %>% setNames(c("dx","dy")) %>% as.data.frame
    Registered S3 method overwritten by 'dplyr':
     method from
     as.data.frame.tbl_df tibble
    Error in if (standardise) { : the condition has length > 1
    Calls: %>% ... .f -> as.data.frame -> as.data.frame.cimg -> pixel.grid
    Execution halted
Flavor: r-devel-linux-x86_64-debian-gcc

Version: 0.40.2
Check: installed package size
Result: NOTE
     installed size is 39.6Mb
     sub-directories of 1Mb or more:
     data 1.4Mb
     doc 4.9Mb
     extdata 1.0Mb
     include 2.8Mb
     libs 28.9Mb
Flavors: r-devel-linux-x86_64-fedora-clang, r-devel-linux-x86_64-fedora-gcc, r-devel-windows-ix86+x86_64, r-patched-solaris-x86, r-release-windows-ix86+x86_64, r-release-osx-x86_64, r-oldrel-windows-ix86+x86_64, r-oldrel-osx-x86_64