Last updated on 2018-05-14 01:46:44 CEST.
Flavor | Version | Tinstall | Tcheck | Ttotal | Status | Flags |
---|---|---|---|---|---|---|
r-devel-linux-x86_64-debian-clang | 2.1.3 | 6.72 | 71.95 | 78.67 | NOTE | |
r-devel-linux-x86_64-debian-gcc | 2.1.3 | 7.00 | 64.17 | 71.17 | NOTE | |
r-devel-linux-x86_64-fedora-clang | 2.1.3 | 104.82 | OK | |||
r-devel-linux-x86_64-fedora-gcc | 2.1.3 | 100.90 | OK | |||
r-devel-windows-ix86+x86_64 | 2.1.3 | 14.00 | 112.00 | 126.00 | OK | |
r-patched-linux-x86_64 | 2.1.3 | 7.30 | 75.85 | 83.15 | NOTE | |
r-patched-solaris-x86 | 2.1.3 | 137.00 | NOTE | |||
r-release-linux-x86_64 | 2.1.3 | 9.89 | 75.61 | 85.50 | NOTE | |
r-release-windows-ix86+x86_64 | 2.1.3 | 14.00 | 112.00 | 126.00 | OK | |
r-release-osx-x86_64 | 2.1.3 | NOTE | ||||
r-oldrel-windows-ix86+x86_64 | 2.1.3 | 11.00 | 88.00 | 99.00 | OK | |
r-oldrel-osx-x86_64 | 2.1.3 | NOTE |
Version: 2.1.3
Check: package dependencies
Result: NOTE
Package suggested but not available for checking: ‘INLA’
Flavors: r-devel-linux-x86_64-debian-clang, r-devel-linux-x86_64-debian-gcc, r-patched-linux-x86_64, r-patched-solaris-x86, r-release-linux-x86_64, r-release-osx-x86_64, r-oldrel-osx-x86_64
Version: 2.1.3
Check: Rd cross-references
Result: NOTE
Package unavailable to check Rd xrefs: ‘INLA’
Flavors: r-devel-linux-x86_64-debian-clang, r-devel-linux-x86_64-debian-gcc, r-patched-linux-x86_64, r-patched-solaris-x86, r-release-linux-x86_64, r-release-osx-x86_64, r-oldrel-osx-x86_64