CRAN Package Check Results for Package installr

Last updated on 2018-05-14 01:46:44 CEST.

Flavor Version Tinstall Tcheck Ttotal Status Flags
r-devel-windows-ix86+x86_64 0.20.0 6.00 79.00 85.00 OK
r-release-windows-ix86+x86_64 0.20.0 6.00 79.00 85.00 OK
r-release-osx-x86_64 0.20.0 OK
r-oldrel-windows-ix86+x86_64 0.20.0 9.00 60.00 69.00 OK
r-oldrel-osx-x86_64 0.19.0 WARN

Check Details

Version: 0.19.0
Check: Rd cross-references
Result: WARN
    Missing link or links in documentation object 'ask.user.yn.question.Rd':
     ‘winDialog’
    
    Missing link or links in documentation object 'check.for.updates.R.Rd':
     ‘winDialog’
    
    Missing link or links in documentation object 'installr.Rd':
     ‘winDialog’
    
    Missing link or links in documentation object 'os.manage.Rd':
     ‘winDialog’
    
    Missing link or links in documentation object 'updateR.Rd':
     ‘winDialog’
    
    See section 'Cross-references' in the 'Writing R Extensions' manual.
Flavor: r-oldrel-osx-x86_64