Last updated on 2018-05-14 01:46:45 CEST.
Flavor | Version | Tinstall | Tcheck | Ttotal | Status | Flags |
---|---|---|---|---|---|---|
r-devel-linux-x86_64-debian-clang | 1.1.1 | 1.02 | 23.41 | 24.43 | NOTE | |
r-devel-linux-x86_64-debian-gcc | 1.1.1 | 1.15 | 20.07 | 21.22 | NOTE | |
r-devel-linux-x86_64-fedora-clang | 1.1.1 | 31.81 | NOTE | |||
r-devel-linux-x86_64-fedora-gcc | 1.1.1 | 30.24 | NOTE | |||
r-devel-windows-ix86+x86_64 | 1.1.1 | 4.00 | 47.00 | 51.00 | NOTE | |
r-patched-linux-x86_64 | 1.1.1 | 1.15 | 22.69 | 23.84 | NOTE | |
r-patched-solaris-x86 | 1.1.1 | 47.60 | NOTE | |||
r-release-linux-x86_64 | 1.1.1 | 1.29 | 22.72 | 24.01 | NOTE | |
r-release-windows-ix86+x86_64 | 1.1.1 | 4.00 | 47.00 | 51.00 | NOTE | |
r-release-osx-x86_64 | 1.1.1 | NOTE | ||||
r-oldrel-windows-ix86+x86_64 | 1.1.1 | 4.00 | 34.00 | 38.00 | NOTE | |
r-oldrel-osx-x86_64 | 1.1.1 | NOTE |
Version: 1.1.1
Check: R code for possible problems
Result: NOTE
sonarCSV: no visible global function definition for ‘read.csv’
Undefined global functions or variables:
read.csv
Consider adding
importFrom("utils", "read.csv")
to your NAMESPACE file.
Flavors: r-devel-linux-x86_64-debian-clang, r-devel-linux-x86_64-debian-gcc, r-devel-linux-x86_64-fedora-clang, r-devel-linux-x86_64-fedora-gcc, r-devel-windows-ix86+x86_64, r-patched-linux-x86_64, r-patched-solaris-x86, r-release-linux-x86_64, r-release-windows-ix86+x86_64, r-release-osx-x86_64, r-oldrel-windows-ix86+x86_64, r-oldrel-osx-x86_64