Last updated on 2018-05-14 01:46:45 CEST.
Flavor | Version | Tinstall | Tcheck | Ttotal | Status | Flags |
---|---|---|---|---|---|---|
r-devel-linux-x86_64-debian-clang | 0.9.99 | 60.14 | 49.39 | 109.53 | OK | |
r-devel-linux-x86_64-debian-gcc | 0.9.99 | 48.12 | 45.56 | 93.68 | OK | |
r-devel-linux-x86_64-fedora-clang | 0.9.99 | 163.38 | NOTE | |||
r-devel-linux-x86_64-fedora-gcc | 0.9.99 | 148.72 | NOTE | |||
r-devel-windows-ix86+x86_64 | 0.9.99 | 146.00 | 183.00 | 329.00 | OK | |
r-patched-linux-x86_64 | 0.9.99 | 62.28 | 53.55 | 115.83 | OK | |
r-patched-solaris-x86 | 0.9.99 | 189.80 | OK | |||
r-release-linux-x86_64 | 0.9.99 | 59.59 | 53.71 | 113.30 | OK | |
r-release-windows-ix86+x86_64 | 0.9.99 | 146.00 | 183.00 | 329.00 | OK | |
r-release-osx-x86_64 | 0.9.99 | OK | ||||
r-oldrel-windows-ix86+x86_64 | 0.9.99 | 164.00 | 134.00 | 298.00 | OK | |
r-oldrel-osx-x86_64 | 0.9.1 | ERROR |
Version: 0.9.99
Check: installed package size
Result: NOTE
installed size is 6.0Mb
sub-directories of 1Mb or more:
libs 5.5Mb
Flavors: r-devel-linux-x86_64-fedora-clang, r-devel-linux-x86_64-fedora-gcc
Version: 0.9.1
Check: package dependencies
Result: NOTE
Package suggested but not available for checking: ‘devtools’
Flavor: r-oldrel-osx-x86_64
Version: 0.9.1
Check: installed package size
Result: NOTE
installed size is 5.4Mb
sub-directories of 1Mb or more:
libs 4.4Mb
Flavor: r-oldrel-osx-x86_64
Version: 0.9.1
Check: tests
Result: ERROR
Running ‘testthat.R’ [1s/1s]
Running the tests in ‘tests/testthat.R’ failed.
Complete output:
> library(testthat)
> test_check("jiebaR")
Loading required package: jiebaR
Loading required package: jiebaRD
Error in library(devtools) : there is no package called 'devtools'
Calls: test_check ... with_reporter -> force -> source_file -> eval -> eval -> library
testthat results ================================================================
OK: 0 SKIPPED: 0 FAILED: 0
Execution halted
Flavor: r-oldrel-osx-x86_64