Last updated on 2018-05-14 01:46:45 CEST.
Flavor | Version | Tinstall | Tcheck | Ttotal | Status | Flags |
---|---|---|---|---|---|---|
r-devel-linux-x86_64-debian-clang | 0.1 | 0.75 | 13.75 | 14.50 | OK | |
r-devel-linux-x86_64-debian-gcc | 0.1 | 0.55 | 12.30 | 12.85 | OK | |
r-devel-linux-x86_64-fedora-clang | 0.1 | 19.28 | OK | |||
r-devel-linux-x86_64-fedora-gcc | 0.1 | 17.61 | OK | |||
r-devel-windows-ix86+x86_64 | 0.1 | 3.00 | 35.00 | 38.00 | NOTE | |
r-patched-linux-x86_64 | 0.1 | 0.77 | 14.30 | 15.07 | OK | |
r-patched-solaris-x86 | 0.1 | 30.20 | NOTE | |||
r-release-linux-x86_64 | 0.1 | 0.89 | 14.42 | 15.31 | OK | |
r-release-windows-ix86+x86_64 | 0.1 | 3.00 | 35.00 | 38.00 | NOTE | |
r-release-osx-x86_64 | 0.1 | OK | ||||
r-oldrel-windows-ix86+x86_64 | 0.1 | 3.00 | 22.00 | 25.00 | NOTE | |
r-oldrel-osx-x86_64 | 0.1 | FAIL |
Version: 0.1
Check: installed package size
Result: NOTE
installed size is 19.3Mb
sub-directories of 1Mb or more:
dict 19.2Mb
Flavors: r-devel-windows-ix86+x86_64, r-patched-solaris-x86, r-release-windows-ix86+x86_64, r-oldrel-windows-ix86+x86_64
Version: 0.1
Check: R code for possible problems
Result: FAIL
Flavor: r-oldrel-osx-x86_64