Last updated on 2018-05-14 01:46:45 CEST.
Flavor | Version | Tinstall | Tcheck | Ttotal | Status | Flags |
---|---|---|---|---|---|---|
r-devel-linux-x86_64-debian-clang | 0.8.6.2 | 45.64 | 68.08 | 113.72 | OK | |
r-devel-linux-x86_64-debian-gcc | 0.8.6.2 | 42.89 | 58.90 | 101.79 | OK | |
r-devel-linux-x86_64-fedora-clang | 0.8.6.2 | 157.55 | NOTE | |||
r-devel-linux-x86_64-fedora-gcc | 0.8.6.2 | 155.14 | NOTE | |||
r-devel-windows-ix86+x86_64 | 0.8.6.2 | 74.00 | 114.00 | 188.00 | OK | |
r-patched-linux-x86_64 | 0.8.6.2 | 50.97 | 70.05 | 121.02 | OK | |
r-patched-solaris-x86 | 0.8.6.2 | 3.70 | ERROR | |||
r-release-linux-x86_64 | 0.8.6.2 | 51.31 | 71.08 | 122.39 | OK | |
r-release-windows-ix86+x86_64 | 0.8.6.2 | 74.00 | 114.00 | 188.00 | OK | |
r-release-osx-x86_64 | 0.8.6.2 | NOTE | ||||
r-oldrel-windows-ix86+x86_64 | 0.8.6.2 | 9.00 | 113.00 | 122.00 | OK | |
r-oldrel-osx-x86_64 | 0.8.6.2 | NOTE |
Version: 0.8.6.2
Check: dependencies in R code
Result: NOTE
Namespaces in Imports field not imported from:
‘BayesFactor’ ‘GGally’ ‘GPArotation’ ‘MASS’ ‘PMCMR’ ‘R6’ ‘ROCR’
‘afex’ ‘car’ ‘emmeans’ ‘ggridges’ ‘lavaan’ ‘multcomp’ ‘mvnormtest’
‘nnet’ ‘psych’ ‘vcd’ ‘vcdExtra’
All declared Imports should be used.
Flavors: r-devel-linux-x86_64-fedora-clang, r-devel-linux-x86_64-fedora-gcc, r-release-osx-x86_64, r-oldrel-osx-x86_64
Version: 0.8.6.2
Check: package dependencies
Result: ERROR
Package required but not available: ‘BayesFactor’
See section ‘The DESCRIPTION file’ in the ‘Writing R Extensions’
manual.
Flavor: r-patched-solaris-x86