CRAN Package Check Results for Package jomo

Last updated on 2018-05-14 01:46:45 CEST.

Flavor Version Tinstall Tcheck Ttotal Status Flags
r-devel-linux-x86_64-debian-clang 2.6-2 120.40 169.72 290.12 OK
r-devel-linux-x86_64-debian-gcc 2.6-2 151.14 145.05 296.19 OK
r-devel-linux-x86_64-fedora-clang 2.6-2 405.35 OK
r-devel-linux-x86_64-fedora-gcc 2.6-2 438.83 OK
r-devel-windows-ix86+x86_64 2.6-2 288.00 306.00 594.00 OK
r-patched-linux-x86_64 2.6-2 171.70 178.41 350.11 OK
r-patched-solaris-x86 2.6-2 2528.40 ERROR
r-release-linux-x86_64 2.6-2 168.02 174.38 342.40 OK
r-release-windows-ix86+x86_64 2.6-2 288.00 306.00 594.00 OK
r-release-osx-x86_64 2.6-2 OK
r-oldrel-windows-ix86+x86_64 2.6-2 306.00 252.00 558.00 OK
r-oldrel-osx-x86_64 2.6-1 OK

Check Details

Version: 2.6-2
Check: examples
Result: ERROR
    Running examples in ‘jomo-Ex.R’ failed
    The error most likely occurred in:
    
    > ### Name: jomo.glm.MCMCchain
    > ### Title: glm Compatible JM Imputation - A tool to check convergence of
    > ### the MCMC
    > ### Aliases: jomo.glm.MCMCchain
    >
    > ### ** Examples
    >
    > #First of all we load and attach the data:
    >
    > data(sldata)
    > attach(sldata)
    >
    > #Then we make sure sex is a factor:
    >
    > sex<-factor(sex)
    >
    > # we define the data frame with all the variables
    >
    > data<-data.frame(measure,age, sex)
    >
    > # And the formula of the substantive lm model
    > # sex as an outcome only because it is the only binary variable in the dataset...
    >
    > formula<-as.formula(sex~age+measure)
    >
    > #And finally we run the imputation function:
    >
    > imp<-jomo.glm.MCMCchain(formula,data, nburn=10)
    This function is beta software. Use carefully and please report any bug to the package mantainer
    .
Flavor: r-patched-solaris-x86