Last updated on 2018-05-14 01:46:45 CEST.
Flavor | Version | Tinstall | Tcheck | Ttotal | Status | Flags |
---|---|---|---|---|---|---|
r-devel-linux-x86_64-debian-clang | 0.1 | 4.19 | 52.88 | 57.07 | NOTE | |
r-devel-linux-x86_64-debian-gcc | 0.1 | 3.73 | 44.41 | 48.14 | NOTE | |
r-devel-linux-x86_64-fedora-clang | 0.1 | 75.68 | NOTE | |||
r-devel-linux-x86_64-fedora-gcc | 0.1 | 72.35 | NOTE | |||
r-devel-windows-ix86+x86_64 | 0.1 | 9.00 | 80.00 | 89.00 | NOTE | |
r-patched-linux-x86_64 | 0.1 | 3.46 | 48.89 | 52.35 | NOTE | |
r-patched-solaris-x86 | 0.1 | 102.20 | NOTE | |||
r-release-linux-x86_64 | 0.1 | 3.46 | 46.95 | 50.41 | NOTE | |
r-release-windows-ix86+x86_64 | 0.1 | 9.00 | 80.00 | 89.00 | NOTE | |
r-release-osx-x86_64 | 0.1 | NOTE | ||||
r-oldrel-windows-ix86+x86_64 | 0.1 | 10.00 | 57.00 | 67.00 | NOTE | |
r-oldrel-osx-x86_64 | 0.1 | NOTE |
Version: 0.1
Check: DESCRIPTION meta-information
Result: NOTE
Malformed Description field: should contain one or more complete sentences.
Flavors: r-devel-linux-x86_64-debian-clang, r-devel-linux-x86_64-debian-gcc, r-devel-linux-x86_64-fedora-clang, r-devel-linux-x86_64-fedora-gcc, r-devel-windows-ix86+x86_64, r-patched-linux-x86_64, r-patched-solaris-x86, r-release-linux-x86_64, r-release-windows-ix86+x86_64, r-release-osx-x86_64, r-oldrel-windows-ix86+x86_64, r-oldrel-osx-x86_64
Version: 0.1
Check: R code for possible problems
Result: NOTE
noe.compute.pv: no visible global function definition for ‘punif’
Undefined global functions or variables:
punif
Consider adding
importFrom("stats", "punif")
to your NAMESPACE file.
Flavors: r-devel-linux-x86_64-debian-clang, r-devel-linux-x86_64-debian-gcc, r-devel-linux-x86_64-fedora-clang, r-devel-linux-x86_64-fedora-gcc, r-devel-windows-ix86+x86_64, r-patched-linux-x86_64, r-patched-solaris-x86, r-release-linux-x86_64, r-release-windows-ix86+x86_64, r-release-osx-x86_64, r-oldrel-windows-ix86+x86_64, r-oldrel-osx-x86_64