Last updated on 2018-05-14 01:46:45 CEST.
Flavor | Version | Tinstall | Tcheck | Ttotal | Status | Flags |
---|---|---|---|---|---|---|
r-devel-linux-x86_64-debian-clang | 0.10-2 | 26.07 | 89.59 | 115.66 | NOTE | |
r-devel-linux-x86_64-debian-gcc | 0.10-2 | 23.47 | 78.45 | 101.92 | NOTE | |
r-devel-linux-x86_64-fedora-clang | 0.10-2 | 159.55 | NOTE | |||
r-devel-linux-x86_64-fedora-gcc | 0.10-2 | 157.63 | NOTE | |||
r-devel-windows-ix86+x86_64 | 0.10-2 | 37.00 | 136.00 | 173.00 | NOTE | |
r-patched-linux-x86_64 | 0.10-2 | 28.11 | 98.98 | 127.09 | NOTE | |
r-patched-solaris-x86 | 0.10-2 | 226.80 | NOTE | |||
r-release-linux-x86_64 | 0.10-2 | 27.76 | 98.36 | 126.12 | NOTE | |
r-release-windows-ix86+x86_64 | 0.10-2 | 37.00 | 136.00 | 173.00 | NOTE | |
r-release-osx-x86_64 | 0.10-2 | NOTE | ||||
r-oldrel-windows-ix86+x86_64 | 0.10-2 | 31.00 | 120.00 | 151.00 | NOTE | |
r-oldrel-osx-x86_64 | 0.10-2 | WARN |
Version: 0.10-2
Check: package dependencies
Result: NOTE
Package which this enhances but not available for checking: ‘rkward’
Flavors: r-devel-linux-x86_64-debian-clang, r-devel-linux-x86_64-debian-gcc, r-devel-linux-x86_64-fedora-clang, r-devel-linux-x86_64-fedora-gcc, r-devel-windows-ix86+x86_64, r-patched-linux-x86_64, r-patched-solaris-x86, r-release-linux-x86_64, r-release-windows-ix86+x86_64, r-release-osx-x86_64, r-oldrel-windows-ix86+x86_64, r-oldrel-osx-x86_64
Version: 0.10-2
Check: installed package size
Result: NOTE
installed size is 9.1Mb
sub-directories of 1Mb or more:
R 7.6Mb
Flavors: r-devel-linux-x86_64-fedora-clang, r-devel-linux-x86_64-fedora-gcc, r-devel-windows-ix86+x86_64, r-patched-solaris-x86, r-release-windows-ix86+x86_64, r-release-osx-x86_64, r-oldrel-windows-ix86+x86_64, r-oldrel-osx-x86_64
Version: 0.10-2
Check: data for non-ASCII characters
Result: NOTE
Note: found 22852 marked UTF-8 strings
Flavors: r-devel-linux-x86_64-fedora-clang, r-devel-linux-x86_64-fedora-gcc, r-patched-solaris-x86, r-release-osx-x86_64, r-oldrel-osx-x86_64
Version: 0.10-2
Check: re-building of vignette outputs
Result: WARN
Error in re-building vignettes:
...
Error in texi2dvi(file = file, pdf = TRUE, clean = clean, quiet = quiet, :
Running 'texi2dvi' on 'koRpus_vignette.tex' failed.
LaTeX errors:
! LaTeX Error: File `utf8x.def' not found.
Type X to quit or <RETURN> to proceed,
or enter new name. (Default extension: def)
! Emergency stop.
<read *>
l.158 \endinput
^^M
! ==> Fatal error occurred, no output PDF file produced!
Calls: buildVignettes -> texi2pdf -> texi2dvi
Execution halted
Flavor: r-oldrel-osx-x86_64