CRAN Package Check Results for Package lagsarlmtree

Last updated on 2018-05-14 01:46:45 CEST.

Flavor Version Tinstall Tcheck Ttotal Status Flags
r-devel-linux-x86_64-debian-clang 1.0-0 6.56 66.39 72.95 OK
r-devel-linux-x86_64-debian-gcc 1.0-0 4.69 59.56 64.25 OK
r-devel-linux-x86_64-fedora-clang 1.0-0 98.41 NOTE
r-devel-linux-x86_64-fedora-gcc 1.0-0 97.62 NOTE
r-devel-windows-ix86+x86_64 1.0-0 11.00 97.00 108.00 NOTE
r-patched-linux-x86_64 1.0-0 4.79 63.12 67.91 OK
r-patched-solaris-x86 1.0-0 138.90 NOTE
r-release-linux-x86_64 1.0-0 4.80 62.86 67.66 OK
r-release-windows-ix86+x86_64 1.0-0 11.00 97.00 108.00 NOTE
r-release-osx-x86_64 1.0-0 NOTE
r-oldrel-windows-ix86+x86_64 1.0-0 13.00 80.00 93.00 NOTE
r-oldrel-osx-x86_64 1.0-0 NOTE

Check Details

Version: 1.0-0
Check: installed package size
Result: NOTE
     installed size is 8.4Mb
     sub-directories of 1Mb or more:
     data 8.3Mb
Flavors: r-devel-linux-x86_64-fedora-clang, r-devel-linux-x86_64-fedora-gcc, r-devel-windows-ix86+x86_64, r-patched-solaris-x86, r-release-windows-ix86+x86_64, r-release-osx-x86_64, r-oldrel-windows-ix86+x86_64, r-oldrel-osx-x86_64