CRAN Package Check Results for Package lans2r

Last updated on 2018-05-14 01:46:45 CEST.

Flavor Version Tinstall Tcheck Ttotal Status Flags
r-devel-linux-x86_64-debian-clang 1.0.5 3.96 77.25 81.21 OK
r-devel-linux-x86_64-debian-gcc 1.0.5 3.02 63.62 66.64 OK
r-devel-linux-x86_64-fedora-clang 1.0.5 106.10 OK
r-devel-linux-x86_64-fedora-gcc 1.0.5 102.59 OK
r-devel-windows-ix86+x86_64 1.0.5 15.00 121.00 136.00 OK
r-patched-linux-x86_64 1.0.5 3.39 76.14 79.53 OK
r-patched-solaris-x86 1.0.5 157.40 NOTE
r-release-linux-x86_64 1.0.5 3.19 78.87 82.06 OK
r-release-windows-ix86+x86_64 1.0.5 15.00 121.00 136.00 OK
r-release-osx-x86_64 1.0.5 OK
r-oldrel-windows-ix86+x86_64 1.0.5 9.00 105.00 114.00 OK
r-oldrel-osx-x86_64 1.0.5 OK

Check Details

Version: 1.0.5
Check: installed package size
Result: NOTE
     installed size is 5.7Mb
     sub-directories of 1Mb or more:
     doc 2.5Mb
     extdata 3.1Mb
Flavor: r-patched-solaris-x86