CRAN Package Check Results for Package lavaanPlot

Last updated on 2018-05-14 01:46:45 CEST.

Flavor Version Tinstall Tcheck Ttotal Status Flags
r-devel-linux-x86_64-debian-clang 0.5.1 3.61 47.25 50.86 OK
r-devel-linux-x86_64-debian-gcc 0.5.1 3.49 40.24 43.73 OK
r-devel-linux-x86_64-fedora-clang 0.5.1 66.99 NOTE
r-devel-linux-x86_64-fedora-gcc 0.5.1 65.13 NOTE
r-devel-windows-ix86+x86_64 0.5.1 18.00 118.00 136.00 NOTE
r-patched-linux-x86_64 0.5.1 4.19 46.90 51.09 OK
r-patched-solaris-x86 0.5.1 92.00 WARN
r-release-linux-x86_64 0.5.1 4.25 45.96 50.21 OK
r-release-windows-ix86+x86_64 0.5.1 18.00 118.00 136.00 NOTE
r-release-osx-x86_64 0.5.1 WARN
r-oldrel-windows-ix86+x86_64 0.5.1 10.00 91.00 101.00 OK
r-oldrel-osx-x86_64 0.3.0 WARN

Check Details

Version: 0.5.1
Check: installed package size
Result: NOTE
     installed size is 5.1Mb
     sub-directories of 1Mb or more:
     doc 4.9Mb
Flavors: r-devel-linux-x86_64-fedora-clang, r-devel-linux-x86_64-fedora-gcc, r-devel-windows-ix86+x86_64, r-patched-solaris-x86, r-release-windows-ix86+x86_64, r-release-osx-x86_64

Version: 0.5.1
Check: re-building of vignette outputs
Result: WARN
    Error in re-building vignettes:
     ...
    Warning in engine$weave(file, quiet = quiet, encoding = enc) :
     Pandoc (>= 1.12.3) and/or pandoc-citeproc not available. Falling back to R Markdown v1.
    Quitting from lines 41-42 (Intro_to_lavaanPlot.Rmd)
    Error: processing vignette 'Intro_to_lavaanPlot.Rmd' failed with diagnostics:
    there is no package called 'webshot'
    Execution halted
Flavor: r-patched-solaris-x86

Version: 0.5.1
Check: re-building of vignette outputs
Result: WARN
    Error in re-building vignettes:
     ...
    Warning in engine$weave(file, quiet = quiet, encoding = enc) :
     Pandoc (>= 1.12.3) and/or pandoc-citeproc not available. Falling back to R Markdown v1.
    Quitting from lines 41-42 (Intro_to_lavaanPlot.Rmd)
    Error: processing vignette 'Intro_to_lavaanPlot.Rmd' failed with diagnostics:
    cannot open the connection
    Execution halted
Flavor: r-release-osx-x86_64

Version: 0.3.0
Check: installed package size
Result: NOTE
     installed size is 5.0Mb
     sub-directories of 1Mb or more:
     doc 4.9Mb
Flavor: r-oldrel-osx-x86_64

Version: 0.3.0
Check: re-building of vignette outputs
Result: WARN
    Error in re-building vignettes:
     ...
    Warning in engine$weave(file, quiet = quiet, encoding = enc) :
     Pandoc (>= 1.12.3) and/or pandoc-citeproc not available. Falling back to R Markdown v1.
    Quitting from lines 40-43 (Intro_to_lavaanPlot.Rmd)
    Error: processing vignette 'Intro_to_lavaanPlot.Rmd' failed with diagnostics:
    cannot open the connection
    Execution halted
Flavor: r-oldrel-osx-x86_64