Last updated on 2018-05-14 01:46:45 CEST.
Flavor | Version | Tinstall | Tcheck | Ttotal | Status | Flags |
---|---|---|---|---|---|---|
r-devel-linux-x86_64-debian-clang | 0.2.1 | 4.17 | 37.01 | 41.18 | OK | |
r-devel-linux-x86_64-debian-gcc | 0.2.1 | 3.19 | 33.36 | 36.55 | OK | |
r-devel-linux-x86_64-fedora-clang | 0.2.1 | 53.21 | NOTE | |||
r-devel-linux-x86_64-fedora-gcc | 0.2.1 | 51.16 | NOTE | |||
r-devel-windows-ix86+x86_64 | 0.2.1 | 16.00 | 67.00 | 83.00 | NOTE | |
r-patched-linux-x86_64 | 0.2.1 | 3.20 | 38.25 | 41.45 | OK | |
r-patched-solaris-x86 | 0.2.1 | 78.60 | NOTE | |||
r-release-linux-x86_64 | 0.2.1 | 2.55 | 37.99 | 40.54 | OK | |
r-release-windows-ix86+x86_64 | 0.2.1 | 16.00 | 67.00 | 83.00 | NOTE | |
r-release-osx-x86_64 | 0.2.1 | NOTE | ||||
r-oldrel-windows-ix86+x86_64 | 0.2.1 | 18.00 | 53.00 | 71.00 | NOTE | |
r-oldrel-osx-x86_64 | 0.2.1 | NOTE |
Version: 0.2.1
Check: installed package size
Result: NOTE
installed size is 12.1Mb
sub-directories of 1Mb or more:
geojson 11.9Mb
Flavors: r-devel-linux-x86_64-fedora-clang, r-devel-linux-x86_64-fedora-gcc, r-devel-windows-ix86+x86_64, r-patched-solaris-x86, r-release-windows-ix86+x86_64, r-release-osx-x86_64, r-oldrel-windows-ix86+x86_64, r-oldrel-osx-x86_64
Version: 0.2.1
Check: dependencies in R code
Result: NOTE
Namespace in Imports field not imported from: ‘rgeos’
All declared Imports should be used.
Flavors: r-devel-linux-x86_64-fedora-clang, r-devel-linux-x86_64-fedora-gcc, r-patched-solaris-x86, r-release-osx-x86_64, r-oldrel-osx-x86_64
Version: 0.2.1
Check: data for non-ASCII characters
Result: NOTE
Note: found 1096 marked UTF-8 strings
Flavors: r-devel-linux-x86_64-fedora-clang, r-devel-linux-x86_64-fedora-gcc, r-patched-solaris-x86, r-release-osx-x86_64, r-oldrel-osx-x86_64