Last updated on 2018-05-14 01:46:45 CEST.
Flavor | Version | Tinstall | Tcheck | Ttotal | Status | Flags |
---|---|---|---|---|---|---|
r-devel-linux-x86_64-debian-clang | 1.1.2 | 2.02 | 36.80 | 38.82 | OK | |
r-devel-linux-x86_64-debian-gcc | 1.1.2 | 1.93 | 32.85 | 34.78 | OK | |
r-devel-linux-x86_64-fedora-clang | 1.1.2 | 52.61 | NOTE | |||
r-devel-linux-x86_64-fedora-gcc | 1.1.2 | 50.65 | NOTE | |||
r-devel-windows-ix86+x86_64 | 1.1.2 | 6.00 | 68.00 | 74.00 | OK | |
r-patched-linux-x86_64 | 1.1.2 | 2.46 | 37.82 | 40.28 | OK | |
r-patched-solaris-x86 | 1.1.2 | 74.10 | NOTE | |||
r-release-linux-x86_64 | 1.1.2 | 2.19 | 37.35 | 39.54 | OK | |
r-release-windows-ix86+x86_64 | 1.1.2 | 6.00 | 68.00 | 74.00 | OK | |
r-release-osx-x86_64 | 1.1.2 | NOTE | ||||
r-oldrel-windows-ix86+x86_64 | 1.1.2 | 6.00 | 56.00 | 62.00 | OK | |
r-oldrel-osx-x86_64 | 1.1.2 | NOTE |
Version: 1.1.2
Check: dependencies in R code
Result: NOTE
Namespaces in Imports field not imported from:
‘gridExtra’ ‘scales’ ‘tibble’
All declared Imports should be used.
Flavors: r-devel-linux-x86_64-fedora-clang, r-devel-linux-x86_64-fedora-gcc, r-patched-solaris-x86, r-release-osx-x86_64, r-oldrel-osx-x86_64