CRAN Package Check Results for Package listdtr

Last updated on 2018-05-14 01:46:46 CEST.

Flavor Version Tinstall Tcheck Ttotal Status Flags
r-devel-linux-x86_64-debian-clang 1.0 5.31 31.91 37.22 NOTE
r-devel-linux-x86_64-debian-gcc 1.0 3.83 27.63 31.46 NOTE
r-devel-linux-x86_64-fedora-clang 1.0 49.66 NOTE
r-devel-linux-x86_64-fedora-gcc 1.0 46.71 NOTE
r-devel-windows-ix86+x86_64 1.0 15.00 84.00 99.00 OK
r-patched-linux-x86_64 1.0 4.61 32.51 37.12 NOTE
r-patched-solaris-x86 1.0 80.00 OK
r-release-linux-x86_64 1.0 4.22 32.52 36.74 NOTE
r-release-windows-ix86+x86_64 1.0 15.00 84.00 99.00 OK
r-release-osx-x86_64 1.0 OK
r-oldrel-windows-ix86+x86_64 1.0 16.00 63.00 79.00 OK
r-oldrel-osx-x86_64 1.0 OK

Check Details

Version: 1.0
Check: compiled code
Result: NOTE
    File ‘listdtr/libs/listdtr.so’:
     Found no calls to: ‘R_registerRoutines’, ‘R_useDynamicSymbols’
    
    It is good practice to register native routines and to disable symbol
    search.
    
    See ‘Writing portable packages’ in the ‘Writing R Extensions’ manual.
Flavors: r-devel-linux-x86_64-debian-clang, r-devel-linux-x86_64-debian-gcc, r-devel-linux-x86_64-fedora-clang, r-devel-linux-x86_64-fedora-gcc, r-patched-linux-x86_64, r-release-linux-x86_64