CRAN Package Check Results for Package localgauss

Last updated on 2018-05-14 01:46:46 CEST.

Flavor Version Tinstall Tcheck Ttotal Status Flags
r-devel-linux-x86_64-debian-clang 0.40 2.73 19.71 22.44 NOTE
r-devel-linux-x86_64-debian-gcc 0.40 2.46 16.60 19.06 NOTE
r-devel-linux-x86_64-fedora-clang 0.40 28.93 NOTE
r-devel-linux-x86_64-fedora-gcc 0.40 27.26 NOTE
r-devel-windows-ix86+x86_64 0.40 14.00 65.00 79.00 OK
r-patched-linux-x86_64 0.40 2.82 19.70 22.52 NOTE
r-patched-solaris-x86 0.40 51.80 OK
r-release-linux-x86_64 0.40 3.11 19.56 22.67 NOTE
r-release-windows-ix86+x86_64 0.40 14.00 65.00 79.00 OK
r-release-osx-x86_64 0.40 OK
r-oldrel-windows-ix86+x86_64 0.40 16.00 43.00 59.00 OK
r-oldrel-osx-x86_64 0.40 OK

Check Details

Version: 0.40
Check: compiled code
Result: NOTE
    File ‘localgauss/libs/localgauss.so’:
     Found no calls to: ‘R_registerRoutines’, ‘R_useDynamicSymbols’
    
    It is good practice to register native routines and to disable symbol
    search.
    
    See ‘Writing portable packages’ in the ‘Writing R Extensions’ manual.
Flavors: r-devel-linux-x86_64-debian-clang, r-devel-linux-x86_64-debian-gcc, r-devel-linux-x86_64-fedora-clang, r-devel-linux-x86_64-fedora-gcc, r-patched-linux-x86_64, r-release-linux-x86_64