Last updated on 2018-05-14 01:46:46 CEST.
Flavor | Version | Tinstall | Tcheck | Ttotal | Status | Flags |
---|---|---|---|---|---|---|
r-devel-linux-x86_64-debian-clang | 1.22 | 10.27 | 75.48 | 85.75 | NOTE | |
r-devel-linux-x86_64-debian-gcc | 1.22 | 6.07 | 66.02 | 72.09 | NOTE | |
r-devel-linux-x86_64-fedora-clang | 1.22 | 116.22 | NOTE | |||
r-devel-linux-x86_64-fedora-gcc | 1.22 | 111.01 | NOTE | |||
r-devel-windows-ix86+x86_64 | 1.22 | 16.00 | 147.00 | 163.00 | OK | |
r-patched-linux-x86_64 | 1.22 | 7.83 | 74.32 | 82.15 | NOTE | |
r-patched-solaris-x86 | 1.22 | 149.40 | OK | |||
r-release-linux-x86_64 | 1.22 | 5.92 | 73.85 | 79.77 | NOTE | |
r-release-windows-ix86+x86_64 | 1.22 | 16.00 | 147.00 | 163.00 | OK | |
r-release-osx-x86_64 | 1.22 | OK | ||||
r-oldrel-windows-ix86+x86_64 | 1.22 | 19.00 | 116.00 | 135.00 | OK | |
r-oldrel-osx-x86_64 | 1.22 | OK |
Version: 1.22
Check: compiled code
Result: NOTE
File ‘logistf/libs/logistf.so’:
Found no calls to: ‘R_registerRoutines’, ‘R_useDynamicSymbols’
It is good practice to register native routines and to disable symbol
search.
See ‘Writing portable packages’ in the ‘Writing R Extensions’ manual.
Flavors: r-devel-linux-x86_64-debian-clang, r-devel-linux-x86_64-debian-gcc, r-devel-linux-x86_64-fedora-clang, r-devel-linux-x86_64-fedora-gcc, r-patched-linux-x86_64, r-release-linux-x86_64