CRAN Package Check Results for Package lori

Last updated on 2018-05-14 01:46:46 CEST.

Flavor Version Tinstall Tcheck Ttotal Status Flags
r-devel-linux-x86_64-debian-clang 0.1.0 1.09 473.61 474.70 OK
r-devel-linux-x86_64-debian-gcc 0.1.0 1.04 374.50 375.54 OK
r-devel-linux-x86_64-fedora-clang 0.1.0 620.03 NOTE
r-devel-linux-x86_64-fedora-gcc 0.1.0 606.49 NOTE
r-devel-windows-ix86+x86_64 0.1.0 9.00 611.00 620.00 OK
r-patched-linux-x86_64 0.1.0 1.31 522.60 523.91 OK
r-patched-solaris-x86 0.1.0 1002.20 NOTE
r-release-linux-x86_64 0.1.0 1.61 509.90 511.51 OK
r-release-windows-ix86+x86_64 0.1.0 9.00 611.00 620.00 OK
r-release-osx-x86_64 0.1.0 NOTE
r-oldrel-windows-ix86+x86_64 0.1.0 3.00 540.00 543.00 OK
r-oldrel-osx-x86_64 0.1.0 NOTE

Check Details

Version: 0.1.0
Check: dependencies in R code
Result: NOTE
    Namespaces in Imports field not imported from:
     ‘NLRoot’ ‘ade4’ ‘glmnet’ ‘lars’ ‘lattice’ ‘logmult’ ‘pdist’
     All declared Imports should be used.
Flavors: r-devel-linux-x86_64-fedora-clang, r-devel-linux-x86_64-fedora-gcc, r-patched-solaris-x86, r-release-osx-x86_64, r-oldrel-osx-x86_64