Last updated on 2018-05-14 01:46:46 CEST.
Flavor | Version | Tinstall | Tcheck | Ttotal | Status | Flags |
---|---|---|---|---|---|---|
r-devel-linux-x86_64-debian-clang | 0.73.1 | 2.79 | 27.60 | 30.39 | NOTE | |
r-devel-linux-x86_64-debian-gcc | 0.73.1 | 1.94 | 25.17 | 27.11 | NOTE | |
r-devel-linux-x86_64-fedora-clang | 0.73.1 | 39.56 | NOTE | |||
r-devel-linux-x86_64-fedora-gcc | 0.73.1 | 38.68 | NOTE | |||
r-devel-windows-ix86+x86_64 | 0.73.1 | 6.00 | 59.00 | 65.00 | NOTE | |
r-patched-linux-x86_64 | 0.73.1 | 2.66 | 29.66 | 32.32 | NOTE | |
r-patched-solaris-x86 | 0.73.1 | 60.60 | NOTE | |||
r-release-linux-x86_64 | 0.73.1 | 1.94 | 29.69 | 31.63 | NOTE | |
r-release-windows-ix86+x86_64 | 0.73.1 | 6.00 | 59.00 | 65.00 | NOTE | |
r-release-osx-x86_64 | 0.73.1 | NOTE | ||||
r-oldrel-windows-ix86+x86_64 | 0.73.1 | 5.00 | 39.00 | 44.00 | NOTE | |
r-oldrel-osx-x86_64 | 0.73.1 | NOTE |
Version: 0.73.1
Check: R code for possible problems
Result: NOTE
associate: no visible global function definition for ‘cor’
textmatrix: no visible global function definition for ‘xtabs’
textvector: no visible global function definition for ‘data’
Undefined global functions or variables:
cor data xtabs
Consider adding
importFrom("stats", "cor", "xtabs")
importFrom("utils", "data")
to your NAMESPACE file.
Flavors: r-devel-linux-x86_64-debian-clang, r-devel-linux-x86_64-debian-gcc, r-devel-linux-x86_64-fedora-clang, r-devel-linux-x86_64-fedora-gcc, r-devel-windows-ix86+x86_64, r-patched-linux-x86_64, r-patched-solaris-x86, r-release-linux-x86_64, r-release-windows-ix86+x86_64, r-release-osx-x86_64, r-oldrel-windows-ix86+x86_64, r-oldrel-osx-x86_64
Version: 0.73.1
Check: data for non-ASCII characters
Result: NOTE
Note: found 143 marked Latin-1 strings
Note: found 833 marked UTF-8 strings
Flavors: r-devel-linux-x86_64-fedora-clang, r-devel-linux-x86_64-fedora-gcc, r-patched-solaris-x86, r-release-osx-x86_64, r-oldrel-osx-x86_64