CRAN Package Check Results for Package lvm4net

Last updated on 2018-05-14 01:46:46 CEST.

Flavor Version Tinstall Tcheck Ttotal Status Flags
r-devel-linux-x86_64-debian-clang 0.2 7.04 68.11 75.15 NOTE
r-devel-linux-x86_64-debian-gcc 0.2 4.56 60.37 64.93 NOTE
r-devel-linux-x86_64-fedora-clang 0.2 101.19 NOTE
r-devel-linux-x86_64-fedora-gcc 0.2 98.85 NOTE
r-devel-windows-ix86+x86_64 0.2 10.00 105.00 115.00 NOTE
r-patched-linux-x86_64 0.2 4.84 67.32 72.16 NOTE
r-patched-solaris-x86 0.2 145.20 NOTE
r-release-linux-x86_64 0.2 5.57 67.49 73.06 NOTE
r-release-windows-ix86+x86_64 0.2 10.00 105.00 115.00 NOTE
r-release-osx-x86_64 0.2 NOTE
r-oldrel-windows-ix86+x86_64 0.2 10.00 77.00 87.00 NOTE
r-oldrel-osx-x86_64 0.2 NOTE

Check Details

Version: 0.2
Check: R code for possible problems
Result: NOTE
    Ell: no visible global function definition for ‘dist’
    boxroc: no visible global function definition for ‘dist’
    boxroc: no visible global function definition for ‘par’
    boxroc: no visible global function definition for ‘boxplot’
    boxroc: no visible global function definition for ‘abline’
    boxroc: no visible global function definition for ‘matplot’
    boxroc: no visible global function definition for ‘legend’
    frEZ: no visible binding for global variable ‘sd’
    goflsm: no visible global function definition for ‘plot’
    lsjm: no visible global function definition for ‘rnorm’
    lsjm : <anonymous>: no visible global function definition for
     ‘cmdscale’
    lsjm : <anonymous>: no visible global function definition for ‘as.dist’
    lsjm : <anonymous>: no visible binding for global variable ‘sd’
    lsjm: no visible global function definition for ‘glm’
    lsm: no visible global function definition for ‘rbinom’
    lsm: no visible global function definition for ‘rnorm’
    lsm: no visible binding for global variable ‘sd’
    lsm: no visible global function definition for ‘cmdscale’
    lsm: no visible global function definition for ‘as.dist’
    lsm: no visible global function definition for ‘glm’
    mainLSM: no visible global function definition for ‘dist’
    plot.gofobj: no visible global function definition for ‘par’
    plot.gofobj: no visible binding for global variable ‘quantile’
    plot.gofobj: no visible global function definition for ‘boxplot’
    plot.gofobj: no visible global function definition for ‘matlines’
    plot.gofobj: no visible global function definition for ‘matpoints’
    plot.gofobj: no visible global function definition for ‘lines’
    plot.gofobj: no visible global function definition for ‘points’
    plot.gofobj: no visible global function definition for ‘mtext’
    plot.lsjm: no visible global function definition for ‘rgb’
    plot.lsjm: no visible global function definition for ‘par’
    plot.lsm: no visible global function definition for ‘rgb’
    plotY: no visible global function definition for ‘rgb’
    plotY: no visible global function definition for ‘plot’
    plotY: no visible global function definition for ‘polygon’
    plotY: no visible global function definition for ‘points’
    plotY: no visible global function definition for ‘text’
    restartlsm: no visible global function definition for ‘rnorm’
    restartlsm: no visible binding for global variable ‘sd’
    restartlsm: no visible global function definition for ‘cmdscale’
    restartlsm: no visible global function definition for ‘as.dist’
    restartlsm: no visible global function definition for ‘glm’
    simulateLSM: no visible global function definition for ‘rnorm’
    simulateLSM: no visible global function definition for ‘dist’
    simulateLSM: no visible global function definition for ‘rbinom’
    upSigmaT: no visible global function definition for ‘combn’
    Undefined global functions or variables:
     abline as.dist boxplot cmdscale combn dist glm legend lines matlines
     matplot matpoints mtext par plot points polygon quantile rbinom rgb
     rnorm sd text
    Consider adding
     importFrom("grDevices", "rgb")
     importFrom("graphics", "abline", "boxplot", "legend", "lines",
     "matlines", "matplot", "matpoints", "mtext", "par", "plot",
     "points", "polygon", "text")
     importFrom("stats", "as.dist", "cmdscale", "dist", "glm", "quantile",
     "rbinom", "rnorm", "sd")
     importFrom("utils", "combn")
    to your NAMESPACE file.
Flavors: r-devel-linux-x86_64-debian-clang, r-devel-linux-x86_64-debian-gcc, r-devel-linux-x86_64-fedora-clang, r-devel-linux-x86_64-fedora-gcc, r-devel-windows-ix86+x86_64, r-patched-linux-x86_64, r-patched-solaris-x86, r-release-linux-x86_64, r-release-windows-ix86+x86_64, r-release-osx-x86_64, r-oldrel-windows-ix86+x86_64, r-oldrel-osx-x86_64