CRAN Package Check Results for Package mRm

Last updated on 2018-05-14 01:46:49 CEST.

Flavor Version Tinstall Tcheck Ttotal Status Flags
r-devel-linux-x86_64-debian-clang 1.1.6 12.77 17.31 30.08 NOTE
r-devel-linux-x86_64-debian-gcc 1.1.6 10.11 14.53 24.64 NOTE
r-devel-linux-x86_64-fedora-clang 1.1.6 39.97 NOTE
r-devel-linux-x86_64-fedora-gcc 1.1.6 33.06 NOTE
r-devel-windows-ix86+x86_64 1.1.6 36.00 47.00 83.00 OK
r-patched-linux-x86_64 1.1.6 11.70 16.96 28.66 NOTE
r-patched-solaris-x86 1.1.6 47.40 OK
r-release-linux-x86_64 1.1.6 13.23 17.16 30.39 NOTE
r-release-windows-ix86+x86_64 1.1.6 36.00 47.00 83.00 OK
r-release-osx-x86_64 1.1.6 OK
r-oldrel-windows-ix86+x86_64 1.1.6 26.00 39.00 65.00 OK
r-oldrel-osx-x86_64 1.1.6 OK

Check Details

Version: 1.1.6
Check: compiled code
Result: NOTE
    File ‘mRm/libs/mRm.so’:
     Found no calls to: ‘R_registerRoutines’, ‘R_useDynamicSymbols’
    
    It is good practice to register native routines and to disable symbol
    search.
    
    See ‘Writing portable packages’ in the ‘Writing R Extensions’ manual.
Flavors: r-devel-linux-x86_64-debian-clang, r-devel-linux-x86_64-debian-gcc, r-devel-linux-x86_64-fedora-clang, r-devel-linux-x86_64-fedora-gcc, r-patched-linux-x86_64, r-release-linux-x86_64