CRAN Package Check Results for Package magick

Last updated on 2018-05-14 01:46:46 CEST.

Flavor Version Tinstall Tcheck Ttotal Status Flags
r-devel-linux-x86_64-debian-clang 1.9 105.90 101.43 207.33 OK
r-devel-linux-x86_64-debian-gcc 1.9 80.81 96.98 177.79 OK
r-devel-linux-x86_64-fedora-clang 1.9 282.13 ERROR
r-devel-linux-x86_64-fedora-gcc 1.9 236.68 NOTE
r-devel-windows-ix86+x86_64 1.9 221.00 273.00 494.00 NOTE
r-patched-linux-x86_64 1.8 92.06 100.57 192.63 OK
r-patched-solaris-x86 1.9 251.80 WARN
r-release-linux-x86_64 1.9 107.17 111.92 219.09 OK
r-release-windows-ix86+x86_64 1.9 221.00 273.00 494.00 NOTE
r-release-osx-x86_64 1.9 NOTE
r-oldrel-windows-ix86+x86_64 1.8 309.00 277.00 586.00 NOTE
r-oldrel-osx-x86_64 1.8 WARN

Additional issues

clang-ASAN gcc-ASAN

Check Details

Version: 1.9
Check: installed package size
Result: NOTE
     installed size is 12.1Mb
     sub-directories of 1Mb or more:
     doc 6.8Mb
     libs 5.0Mb
Flavors: r-devel-linux-x86_64-fedora-clang, r-devel-linux-x86_64-fedora-gcc, r-devel-windows-ix86+x86_64, r-patched-solaris-x86, r-release-windows-ix86+x86_64, r-release-osx-x86_64

Version: 1.9
Check: examples
Result: ERROR
    Running examples in ‘magick-Ex.R’ failed
    The error most likely occurred in:
    
    > ### Name: device
    > ### Title: Magick Graphics Device
    > ### Aliases: device image_graph image_device image_draw image_capture
    >
    > ### ** Examples
    >
    > # Regular image
    > frink <- image_read("https://jeroen.github.io/images/frink.png")
    >
    > # Produce image using graphics device
    > fig <- image_graph(res = 96)
    > ggplot2::qplot(mpg, wt, data = mtcars, colour = cyl)
    > dev.off()
    pdf
     2
    >
    > # Combine
    > out <- image_composite(fig, frink, offset = "+70+30")
    > print(out)
     format width height colorspace matte filesize density
    1 PNG 800 600 sRGB TRUE 0 +72x+72
    >
    > # Or paint over an existing image
    > img <- image_draw(frink)
    > rect(20, 20, 200, 100, border = "red", lty = "dashed", lwd = 5)
    Error in rect(20, 20, 200, 100, border = "red", lty = "dashed", lwd = 5) :
     Magick: non-conforming drawing primitive definition `rectangle' @ error/draw.c/DrawImage/4126
    Execution halted
Flavor: r-devel-linux-x86_64-fedora-clang

Version: 1.9
Check: re-building of vignette outputs
Result: WARN
    Error in re-building vignettes:
     ...
    Quitting from lines 433-442 (intro.Rmd)
    Error: processing vignette 'intro.Rmd' failed with diagnostics:
    Magick: non-conforming drawing primitive definition `rectangle' @ error/draw.c/DrawImage/4126
    Execution halted
Flavor: r-devel-linux-x86_64-fedora-clang

Version: 1.9
Check: package dependencies
Result: NOTE
    Packages suggested but not available for checking: ‘rsvg’ ‘tesseract’
Flavor: r-patched-solaris-x86

Version: 1.9
Check: Rd cross-references
Result: NOTE
    Packages unavailable to check Rd xrefs: ‘rsvg’, ‘tesseract’
Flavor: r-patched-solaris-x86

Version: 1.9
Check: re-building of vignette outputs
Result: WARN
    Error in re-building vignettes:
     ...
    Warning in engine$weave(file, quiet = quiet, encoding = enc) :
     Pandoc (>= 1.12.3) and/or pandoc-citeproc not available. Falling back to R Markdown v1.
    Warning in library(package, lib.loc = lib.loc, character.only = TRUE, logical.return = TRUE, :
     there is no package called 'rsvg'
    Warning in library(package, lib.loc = lib.loc, character.only = TRUE, logical.return = TRUE, :
     there is no package called 'rsvg'
    Quitting from lines 228-237 (intro.Rmd)
    Error: processing vignette 'intro.Rmd' failed with diagnostics:
    Magick: non-conforming drawing primitive definition `text' @ error/draw.c/DrawImage/3308
    Execution halted
Flavor: r-patched-solaris-x86

Version: 1.8
Check: installed package size
Result: NOTE
     installed size is 41.1Mb
     sub-directories of 1Mb or more:
     doc 6.8Mb
     libs 34.0Mb
Flavors: r-oldrel-windows-ix86+x86_64, r-oldrel-osx-x86_64

Version: 1.8
Check: whether package can be installed
Result: WARN
    Found the following significant warnings:
     Warning: The post-install step did not complete successfully
Flavor: r-oldrel-osx-x86_64