Last updated on 2018-05-14 01:46:46 CEST.
Flavor | Version | Tinstall | Tcheck | Ttotal | Status | Flags |
---|---|---|---|---|---|---|
r-devel-linux-x86_64-debian-clang | 2.3.0 | 13.17 | 16.87 | 30.04 | OK | |
r-devel-linux-x86_64-debian-gcc | 2.3.0 | 11.14 | 14.85 | 25.99 | OK | |
r-devel-linux-x86_64-fedora-clang | 2.3.0 | 41.86 | NOTE | |||
r-devel-linux-x86_64-fedora-gcc | 2.3.0 | 39.47 | NOTE | |||
r-devel-windows-ix86+x86_64 | 2.3.0 | 74.00 | 54.00 | 128.00 | NOTE | |
r-patched-linux-x86_64 | 2.3.0 | 14.69 | 17.77 | 32.46 | OK | |
r-patched-solaris-x86 | 2.3.0 | 64.90 | NOTE | |||
r-release-linux-x86_64 | 2.3.0 | 14.69 | 17.75 | 32.44 | OK | |
r-release-windows-ix86+x86_64 | 2.3.0 | 74.00 | 54.00 | 128.00 | NOTE | |
r-release-osx-x86_64 | 2.3.0 | NOTE | ||||
r-oldrel-windows-ix86+x86_64 | 2.3.0 | 77.00 | 29.00 | 106.00 | NOTE | |
r-oldrel-osx-x86_64 | 2.3.0 | NOTE |
Version: 2.3.0
Check: installed package size
Result: NOTE
installed size is 33.5Mb
sub-directories of 1Mb or more:
mapdata 33.4Mb
Flavors: r-devel-linux-x86_64-fedora-clang, r-devel-linux-x86_64-fedora-gcc, r-devel-windows-ix86+x86_64, r-patched-solaris-x86, r-release-windows-ix86+x86_64, r-release-osx-x86_64, r-oldrel-windows-ix86+x86_64, r-oldrel-osx-x86_64