CRAN Package Check Results for Package margins

Last updated on 2018-05-14 01:46:46 CEST.

Flavor Version Tinstall Tcheck Ttotal Status Flags
r-devel-linux-x86_64-debian-clang 0.3.20 3.58 137.55 141.13 OK
r-devel-linux-x86_64-debian-gcc 0.3.20 2.86 113.60 116.46 OK
r-devel-linux-x86_64-fedora-clang 0.3.20 189.62 OK
r-devel-linux-x86_64-fedora-gcc 0.3.20 179.84 OK
r-devel-windows-ix86+x86_64 0.3.20 5.00 205.00 210.00 OK
r-patched-linux-x86_64 0.3.20 4.00 153.29 157.29 OK
r-patched-solaris-x86 0.3.20 226.60 OK
r-release-linux-x86_64 0.3.20 3.40 152.36 155.76 OK
r-release-windows-ix86+x86_64 0.3.20 5.00 205.00 210.00 OK
r-release-osx-x86_64 0.3.20 OK
r-oldrel-windows-ix86+x86_64 0.3.20 8.00 183.00 191.00 OK
r-oldrel-osx-x86_64 0.3.0 WARN

Check Details

Version: 0.3.0
Check: re-building of vignette outputs
Result: WARN
    Error in re-building vignettes:
     ...
    Chunk margins3a:
     lm(formula = mpg ~ wt * I(wt^2) * hp * I(hp^2), data = mtcars)
    
    m <- lm(mpg ~ wt * I(wt^2) * hp * I(hp^2), data = mtcars)
    margins(m)
    
    Number of messages:
    message
     6
    Error in texi2dvi(file = file, pdf = TRUE, clean = clean, quiet = quiet, :
     Running 'texi2dvi' on 'TechnicalDetails.tex' failed.
    LaTeX errors:
    ! LaTeX Error: File `multirow.sty' not found.
    
    Type X to quit or <RETURN> to proceed,
    or enter new name. (Default extension: sty)
    
    ! Emergency stop.
    <read *>
    
    l.58 \usepackage
     {amsmath}^^M
    ! ==> Fatal error occurred, no output PDF file produced!
    Calls: buildVignettes -> texi2pdf -> texi2dvi
    Execution halted
Flavor: r-oldrel-osx-x86_64