Last updated on 2018-05-14 01:46:46 CEST.
Flavor | Version | Tinstall | Tcheck | Ttotal | Status | Flags |
---|---|---|---|---|---|---|
r-devel-linux-x86_64-debian-clang | 0.3.1 | 26.09 | 35.81 | 61.90 | NOTE | |
r-devel-linux-x86_64-debian-gcc | 0.3.1 | 20.81 | 31.56 | 52.37 | NOTE | |
r-devel-linux-x86_64-fedora-clang | 0.3.1 | 88.04 | NOTE | |||
r-devel-linux-x86_64-fedora-gcc | 0.3.1 | 80.62 | NOTE | |||
r-devel-windows-ix86+x86_64 | 0.3.1 | 56.00 | 86.00 | 142.00 | OK | |
r-patched-linux-x86_64 | 0.3.1 | 24.66 | 37.66 | 62.32 | NOTE | |
r-patched-solaris-x86 | 0.3.1 | 94.60 | OK | |||
r-release-linux-x86_64 | 0.3.1 | 27.29 | 37.85 | 65.14 | NOTE | |
r-release-windows-ix86+x86_64 | 0.3.1 | 56.00 | 86.00 | 142.00 | OK | |
r-release-osx-x86_64 | 0.3.1 | OK | ||||
r-oldrel-windows-ix86+x86_64 | 0.3.1 | 70.00 | 70.00 | 140.00 | OK | |
r-oldrel-osx-x86_64 | 0.3.1 | OK |
Version: 0.3.1
Check: compiled code
Result: NOTE
File ‘mateable/libs/mateable.so’:
Found no calls to: ‘R_registerRoutines’, ‘R_useDynamicSymbols’
It is good practice to register native routines and to disable symbol
search.
See ‘Writing portable packages’ in the ‘Writing R Extensions’ manual.
Flavors: r-devel-linux-x86_64-debian-clang, r-devel-linux-x86_64-debian-gcc, r-devel-linux-x86_64-fedora-clang, r-devel-linux-x86_64-fedora-gcc, r-patched-linux-x86_64, r-release-linux-x86_64