CRAN Package Check Results for Package mbest

Last updated on 2018-05-14 01:46:47 CEST.

Flavor Version Tinstall Tcheck Ttotal Status Flags
r-devel-linux-x86_64-debian-clang 0.5 8.18 76.10 84.28 NOTE
r-devel-linux-x86_64-debian-gcc 0.5 7.04 65.16 72.20 NOTE
r-devel-linux-x86_64-fedora-clang 0.5 113.82 NOTE
r-devel-linux-x86_64-fedora-gcc 0.5 107.64 NOTE
r-devel-windows-ix86+x86_64 0.5 16.00 158.00 174.00 OK
r-patched-linux-x86_64 0.5 7.64 70.23 77.87 NOTE
r-patched-solaris-x86 0.5 145.10 OK
r-release-linux-x86_64 0.5 6.25 69.88 76.13 NOTE
r-release-windows-ix86+x86_64 0.5 16.00 158.00 174.00 OK
r-release-osx-x86_64 0.5 OK
r-oldrel-windows-ix86+x86_64 0.5 17.00 114.00 131.00 OK
r-oldrel-osx-x86_64 0.5 OK

Check Details

Version: 0.5
Check: compiled code
Result: NOTE
    File ‘mbest/libs/mbest.so’:
     Found no call to: ‘R_useDynamicSymbols’
    
    It is good practice to register native routines and to disable symbol
    search.
    
    See ‘Writing portable packages’ in the ‘Writing R Extensions’ manual.
Flavors: r-devel-linux-x86_64-debian-clang, r-devel-linux-x86_64-debian-gcc, r-devel-linux-x86_64-fedora-clang, r-devel-linux-x86_64-fedora-gcc, r-patched-linux-x86_64, r-release-linux-x86_64