Last updated on 2018-05-14 01:46:47 CEST.
Flavor | Version | Tinstall | Tcheck | Ttotal | Status | Flags |
---|---|---|---|---|---|---|
r-devel-linux-x86_64-debian-clang | 2.9 | 1.65 | 23.76 | 25.41 | OK | |
r-devel-linux-x86_64-debian-gcc | 2.9 | 1.41 | 20.17 | 21.58 | OK | |
r-devel-linux-x86_64-fedora-clang | 2.9 | 32.30 | NOTE | |||
r-devel-linux-x86_64-fedora-gcc | 2.9 | 30.57 | NOTE | |||
r-devel-windows-ix86+x86_64 | 2.9 | 9.00 | 76.00 | 85.00 | OK | |
r-patched-linux-x86_64 | 2.9 | 1.14 | 23.33 | 24.47 | OK | |
r-patched-solaris-x86 | 2.9 | 50.80 | NOTE | |||
r-release-linux-x86_64 | 2.9 | 1.22 | 23.23 | 24.45 | OK | |
r-release-windows-ix86+x86_64 | 2.9 | 9.00 | 76.00 | 85.00 | OK | |
r-release-osx-x86_64 | 2.9 | NOTE | ||||
r-oldrel-windows-ix86+x86_64 | 2.9 | 5.00 | 52.00 | 57.00 | OK | |
r-oldrel-osx-x86_64 | 2.9 | NOTE |
Version: 2.9
Check: dependencies in R code
Result: NOTE
Namespaces in Imports field not imported from:
‘DT’ ‘RColorBrewer’ ‘RODBC’ ‘dplyr’ ‘formattable’ ‘ggplot2’
‘ggthemes’ ‘magrittr’ ‘mem’ ‘openxlsx’ ‘plotly’ ‘readxl’ ‘shinyBS’
‘shinydashboard’ ‘shinyjs’ ‘shinythemes’ ‘stringi’ ‘stringr’ ‘tidyr’
All declared Imports should be used.
Flavors: r-devel-linux-x86_64-fedora-clang, r-devel-linux-x86_64-fedora-gcc, r-patched-solaris-x86, r-release-osx-x86_64, r-oldrel-osx-x86_64