CRAN Package Check Results for Package metacoder

Last updated on 2018-05-14 01:46:47 CEST.

Flavor Version Tinstall Tcheck Ttotal Status Flags
r-devel-linux-x86_64-debian-clang 0.2.1 22.85 196.25 219.10 OK
r-devel-linux-x86_64-debian-gcc 0.2.1 17.13 170.36 187.49 OK
r-devel-linux-x86_64-fedora-clang 0.2.1 282.28 NOTE
r-devel-linux-x86_64-fedora-gcc 0.2.1 273.84 NOTE
r-devel-windows-ix86+x86_64 0.2.1 66.00 389.00 455.00 OK
r-patched-linux-x86_64 0.2.1 21.48 207.59 229.07 OK
r-release-linux-x86_64 0.2.1 21.75 207.77 229.52 OK
r-release-windows-ix86+x86_64 0.2.1 66.00 389.00 455.00 OK
r-release-osx-x86_64 0.2.1 NOTE
r-oldrel-windows-ix86+x86_64 0.2.1 42.00 310.00 352.00 OK
r-oldrel-osx-x86_64 0.2.0 NOTE

Check Details

Version: 0.2.1
Check: dependencies in R code
Result: NOTE
    Namespaces in Imports field not imported from:
     ‘ggrepel’ ‘reshape’
     All declared Imports should be used.
Flavors: r-devel-linux-x86_64-fedora-clang, r-devel-linux-x86_64-fedora-gcc, r-release-osx-x86_64

Version: 0.2.0
Check: dependencies in R code
Result: NOTE
    Namespaces in Imports field not imported from:
     ‘ggrepel’ ‘reshape’
     All declared Imports should be used.
Flavor: r-oldrel-osx-x86_64