Last updated on 2018-05-14 01:46:47 CEST.
Flavor | Version | Tinstall | Tcheck | Ttotal | Status | Flags |
---|---|---|---|---|---|---|
r-devel-linux-x86_64-debian-clang | 0.7.1 | 80.16 | 118.15 | 198.31 | OK | |
r-devel-linux-x86_64-debian-gcc | 0.7.1 | 69.15 | 104.75 | 173.90 | OK | |
r-devel-linux-x86_64-fedora-clang | 0.7.1 | 280.55 | OK | |||
r-devel-linux-x86_64-fedora-gcc | 0.7.1 | 260.06 | NOTE | |||
r-devel-windows-ix86+x86_64 | 0.7.1 | 165.00 | 240.00 | 405.00 | OK | |
r-patched-linux-x86_64 | 0.7.1 | 85.22 | 115.91 | 201.13 | OK | |
r-patched-solaris-x86 | 0.7.1 | 314.80 | OK | |||
r-release-linux-x86_64 | 0.7.1 | 84.15 | 116.84 | 200.99 | OK | |
r-release-windows-ix86+x86_64 | 0.7.1 | 165.00 | 240.00 | 405.00 | OK | |
r-release-osx-x86_64 | 0.7.1 | OK | ||||
r-oldrel-windows-ix86+x86_64 | 0.7.1 | 173.00 | 189.00 | 362.00 | OK | |
r-oldrel-osx-x86_64 | 0.7.1 | OK |
Version: 0.7.1
Check: installed package size
Result: NOTE
installed size is 6.4Mb
sub-directories of 1Mb or more:
libs 4.5Mb
Flavor: r-devel-linux-x86_64-fedora-gcc