Last updated on 2018-05-14 01:46:48 CEST.
Flavor | Version | Tinstall | Tcheck | Ttotal | Status | Flags |
---|---|---|---|---|---|---|
r-devel-linux-x86_64-debian-clang | 0.1.3 | 53.08 | 20.30 | 73.38 | OK | |
r-devel-linux-x86_64-debian-gcc | 0.1.3 | 46.26 | 18.60 | 64.86 | OK | |
r-devel-linux-x86_64-fedora-clang | 0.1.3 | 105.12 | NOTE | |||
r-devel-linux-x86_64-fedora-gcc | 0.1.3 | 96.81 | NOTE | |||
r-devel-windows-ix86+x86_64 | 0.1.3 | 115.00 | 71.00 | 186.00 | OK | |
r-patched-linux-x86_64 | 0.1.3 | 60.01 | 21.17 | 81.18 | OK | |
r-patched-solaris-x86 | 0.1.3 | 99.50 | NOTE | |||
r-release-linux-x86_64 | 0.1.3 | 58.93 | 21.11 | 80.04 | OK | |
r-release-windows-ix86+x86_64 | 0.1.3 | 115.00 | 71.00 | 186.00 | OK | |
r-release-osx-x86_64 | 0.1.3 | NOTE | ||||
r-oldrel-windows-ix86+x86_64 | 0.1.3 | 130.00 | 50.00 | 180.00 | OK | |
r-oldrel-osx-x86_64 | 0.1.3 | NOTE |
Version: 0.1.3
Check: dependencies in R code
Result: NOTE
Namespaces in Imports field not imported from:
‘DiceDesign’ ‘MaxPro’ ‘doSNOW’ ‘jpeg’
All declared Imports should be used.
Flavors: r-devel-linux-x86_64-fedora-clang, r-devel-linux-x86_64-fedora-gcc, r-patched-solaris-x86, r-release-osx-x86_64, r-oldrel-osx-x86_64